{"id":20921,"date":"2025-10-26T22:39:07","date_gmt":"2025-10-27T03:39:07","guid":{"rendered":"https:\/\/www.administracion.usmp.edu.pe\/site\/?page_id=20921"},"modified":"2025-10-26T22:45:44","modified_gmt":"2025-10-27T03:45:44","slug":"planilla-t-registro-y-plame","status":"publish","type":"page","link":"https:\/\/www.administracion.usmp.edu.pe\/site\/planilla-t-registro-y-plame\/","title":{"rendered":"Planillas, T-Registro y PLAME"},"content":{"rendered":"\t\t<div data-elementor-type=\"wp-page\" data-elementor-id=\"20921\" class=\"elementor elementor-20921\">\n\t\t\t\t\t\t<div class=\"elementor-inner\">\n\t\t\t\t<div class=\"elementor-section-wrap\">\n\t\t\t\t\t\t\t\t\t<section class=\"elementor-section elementor-top-section elementor-element elementor-element-5338888 elementor-section-boxed elementor-section-height-default elementor-section-height-default\" data-id=\"5338888\" data-element_type=\"section\">\n\t\t\t\t\t\t<div class=\"elementor-container elementor-column-gap-default\">\n\t\t\t\t\t\t\t<div class=\"elementor-row\">\n\t\t\t\t\t<div class=\"elementor-column elementor-col-100 elementor-top-column elementor-element elementor-element-c67e78f\" data-id=\"c67e78f\" data-element_type=\"column\">\n\t\t\t<div class=\"elementor-column-wrap elementor-element-populated\">\n\t\t\t\t\t\t\t<div class=\"elementor-widget-wrap\">\n\t\t\t\t\t\t<section class=\"elementor-section elementor-inner-section elementor-element elementor-element-0e9fc4f elementor-section-boxed elementor-section-height-default elementor-section-height-default\" data-id=\"0e9fc4f\" data-element_type=\"section\">\n\t\t\t\t\t\t<div class=\"elementor-container elementor-column-gap-default\">\n\t\t\t\t\t\t\t<div class=\"elementor-row\">\n\t\t\t\t\t<div class=\"elementor-column elementor-col-50 elementor-inner-column elementor-element elementor-element-e89cff1\" data-id=\"e89cff1\" data-element_type=\"column\">\n\t\t\t<div class=\"elementor-column-wrap elementor-element-populated\">\n\t\t\t\t\t\t\t<div class=\"elementor-widget-wrap\">\n\t\t\t\t\t\t<div class=\"elementor-element elementor-element-8876469 elementor-widget elementor-widget-image\" data-id=\"8876469\" data-element_type=\"widget\" data-widget_type=\"image.default\">\n\t\t\t\t<div class=\"elementor-widget-container\">\n\t\t\t\t\t\t\t\t<div class=\"elementor-image\">\n\t\t\t\t\t\t\t\t\t\t\t\t<img width=\"314\" height=\"59\" src=\"https:\/\/www.administracion.usmp.edu.pe\/site\/wp-content\/uploads\/2022\/05\/logo-fcarrhh-2022.svg\" class=\"attachment-large size-large\" alt=\"\" loading=\"lazy\" \/>\t\t\t\t\t\t\t\t\t\t\t\t\t\t<\/div>\n\t\t\t\t\t\t<\/div>\n\t\t\t\t<\/div>\n\t\t\t\t\t\t<\/div>\n\t\t\t\t\t<\/div>\n\t\t<\/div>\n\t\t\t\t<div class=\"elementor-column elementor-col-50 elementor-inner-column elementor-element elementor-element-52651d6\" data-id=\"52651d6\" data-element_type=\"column\">\n\t\t\t<div class=\"elementor-column-wrap elementor-element-populated\">\n\t\t\t\t\t\t\t<div class=\"elementor-widget-wrap\">\n\t\t\t\t\t\t<div class=\"elementor-element elementor-element-3f0bc0b elementor-widget elementor-widget-image\" data-id=\"3f0bc0b\" data-element_type=\"widget\" data-widget_type=\"image.default\">\n\t\t\t\t<div class=\"elementor-widget-container\">\n\t\t\t\t\t\t\t\t<div class=\"elementor-image\">\n\t\t\t\t\t\t\t\t\t\t\t\t<img src=\"https:\/\/www.administracion.usmp.edu.pe\/site\/wp-content\/uploads\/elementor\/thumbs\/Logo-CDP-v2-rd6cgy82sexun63z27dc2uuv4ryom0ew815u6g2418.png\" title=\"Logo CDP v2\" alt=\"Logo CDP v2\" \/>\t\t\t\t\t\t\t\t\t\t\t\t\t\t<\/div>\n\t\t\t\t\t\t<\/div>\n\t\t\t\t<\/div>\n\t\t\t\t\t\t<\/div>\n\t\t\t\t\t<\/div>\n\t\t<\/div>\n\t\t\t\t\t\t\t\t<\/div>\n\t\t\t\t\t<\/div>\n\t\t<\/section>\n\t\t\t\t<div class=\"elementor-element elementor-element-6b79b08 elementor-nav-menu--dropdown-tablet elementor-nav-menu__text-align-aside elementor-nav-menu--toggle elementor-nav-menu--burger elementor-widget elementor-widget-nav-menu\" data-id=\"6b79b08\" data-element_type=\"widget\" data-settings=\"{&quot;layout&quot;:&quot;horizontal&quot;,&quot;submenu_icon&quot;:{&quot;value&quot;:&quot;&lt;i class=\\&quot;fas fa-caret-down\\&quot;&gt;&lt;\\\/i&gt;&quot;,&quot;library&quot;:&quot;fa-solid&quot;},&quot;toggle&quot;:&quot;burger&quot;}\" data-widget_type=\"nav-menu.default\">\n\t\t\t\t<div class=\"elementor-widget-container\">\n\t\t\t\t\t\t<nav migration_allowed=\"1\" migrated=\"0\" role=\"navigation\" class=\"elementor-nav-menu--main elementor-nav-menu__container elementor-nav-menu--layout-horizontal e--pointer-underline e--animation-fade\">\n\t\t\t\t<ul id=\"menu-1-6b79b08\" class=\"elementor-nav-menu\"><li class=\"menu-item menu-item-type-custom menu-item-object-custom menu-item-has-children menu-item-20743\"><a href=\"#\" class=\"elementor-item elementor-item-anchor\">El Centro<\/a>\n<ul class=\"sub-menu elementor-nav-menu--dropdown\">\n\t<li class=\"menu-item menu-item-type-post_type menu-item-object-page menu-item-21944\"><a href=\"https:\/\/www.administracion.usmp.edu.pe\/site\/quienes-somos\/\" class=\"elementor-sub-item\">Qui\u00e9nes Somos<\/a><\/li>\n\t<li class=\"menu-item menu-item-type-post_type menu-item-object-page menu-item-22206\"><a href=\"https:\/\/www.administracion.usmp.edu.pe\/site\/propuesta-de-valor\/\" class=\"elementor-sub-item\">Propuesta de Valor<\/a><\/li>\n\t<li class=\"menu-item menu-item-type-post_type menu-item-object-page menu-item-22265\"><a href=\"https:\/\/www.administracion.usmp.edu.pe\/site\/equipo-de-trabajo\/\" class=\"elementor-sub-item\">Equipo de Trabajo<\/a><\/li>\n<\/ul>\n<\/li>\n<li class=\"menu-item menu-item-type-custom menu-item-object-custom menu-item-has-children menu-item-20744\"><a href=\"#\" class=\"elementor-item elementor-item-anchor\">Programas<\/a>\n<ul class=\"sub-menu elementor-nav-menu--dropdown\">\n\t<li class=\"menu-item menu-item-type-post_type menu-item-object-page menu-item-22128\"><a href=\"https:\/\/www.administracion.usmp.edu.pe\/site\/programa-de-alta-especializacion-en-direccion-estrategica-de-recursos-humanos\/\" class=\"elementor-sub-item\">Programa de Alta Especializaci\u00f3n en Direcci\u00f3n Estrat\u00e9gica de Recursos Humanos<\/a><\/li>\n\t<li class=\"menu-item menu-item-type-post_type menu-item-object-page menu-item-22127\"><a href=\"https:\/\/www.administracion.usmp.edu.pe\/site\/programa-de-alta-especializacion-en-comercio-exterior-y-gestion-aduanera\/\" class=\"elementor-sub-item\">Programa de Alta Especializaci\u00f3n en Comercio Exterior y Gesti\u00f3n Aduanera<\/a><\/li>\n\t<li class=\"menu-item menu-item-type-post_type menu-item-object-page menu-item-22122\"><a href=\"https:\/\/www.administracion.usmp.edu.pe\/site\/programa-de-alta-especializacion-en-administracion-publica\/\" class=\"elementor-sub-item\">Programa de Alta Especializaci\u00f3n en Administraci\u00f3n P\u00fablica<\/a><\/li>\n\t<li class=\"menu-item menu-item-type-post_type menu-item-object-page menu-item-22125\"><a href=\"https:\/\/www.administracion.usmp.edu.pe\/site\/programa-de-especializacion-en-estrategia-y-gobernanza-de-inteligencia-artificial\/\" class=\"elementor-sub-item\">Programa de Especializaci\u00f3n en Estrategia y Gobernanza de Inteligencia Artificial<\/a><\/li>\n\t<li class=\"menu-item menu-item-type-post_type menu-item-object-page menu-item-22124\"><a href=\"https:\/\/www.administracion.usmp.edu.pe\/site\/programa-de-especializacion-profesional-en-marketing-digital\/\" class=\"elementor-sub-item\">Programa de Especializaci\u00f3n Profesional en Marketing Digital<\/a><\/li>\n\t<li class=\"menu-item menu-item-type-post_type menu-item-object-page menu-item-22126\"><a href=\"https:\/\/www.administracion.usmp.edu.pe\/site\/programa-de-especializacion-en-gestion-del-riesgo-de-desastres\/\" class=\"elementor-sub-item\">Programa de Especializaci\u00f3n en Gesti\u00f3n del Riesgo de Desastres<\/a><\/li>\n\t<li class=\"menu-item menu-item-type-post_type menu-item-object-page menu-item-22316\"><a href=\"https:\/\/www.administracion.usmp.edu.pe\/site\/programa-de-especializacion-de-marketing-politico\/\" class=\"elementor-sub-item\">Programa de Especializaci\u00f3n de Marketing Pol\u00edtico<\/a><\/li>\n\t<li class=\"menu-item menu-item-type-post_type menu-item-object-page menu-item-22123\"><a href=\"https:\/\/www.administracion.usmp.edu.pe\/site\/programa-de-especializacion-en-planeamiento-estrategico\/\" class=\"elementor-sub-item\">Programa de Especializaci\u00f3n en Planeamiento Estrat\u00e9gico<\/a><\/li>\n\t<li class=\"menu-item menu-item-type-post_type menu-item-object-page menu-item-22121\"><a href=\"https:\/\/www.administracion.usmp.edu.pe\/site\/programa-de-especializacion-en-seguridad-y-salud-en-el-trabajo\/\" class=\"elementor-sub-item\">Programa de Especializaci\u00f3n en Seguridad y Salud en el Trabajo<\/a><\/li>\n<\/ul>\n<\/li>\n<li class=\"menu-item menu-item-type-post_type menu-item-object-page menu-item-22164\"><a href=\"https:\/\/www.administracion.usmp.edu.pe\/site\/consultoria-empresarial\/\" class=\"elementor-item\">Consultor\u00eda Empresarial<\/a><\/li>\n<li class=\"menu-item menu-item-type-post_type menu-item-object-page menu-item-22235\"><a href=\"https:\/\/www.administracion.usmp.edu.pe\/site\/contacto\/\" class=\"elementor-item\">Contacto<\/a><\/li>\n<\/ul>\t\t\t<\/nav>\n\t\t\t\t\t<div class=\"elementor-menu-toggle\" role=\"button\" tabindex=\"0\" aria-label=\"Menu Toggle\" aria-expanded=\"false\">\n\t\t\t<i aria-hidden=\"true\" role=\"presentation\" class=\"elementor-menu-toggle__icon--open eicon-menu-bar\"><\/i><i aria-hidden=\"true\" role=\"presentation\" class=\"elementor-menu-toggle__icon--close eicon-close\"><\/i>\t\t\t<span class=\"elementor-screen-only\">Menu<\/span>\n\t\t<\/div>\n\t\t\t<nav class=\"elementor-nav-menu--dropdown elementor-nav-menu__container\" role=\"navigation\" aria-hidden=\"true\">\n\t\t\t\t<ul id=\"menu-2-6b79b08\" class=\"elementor-nav-menu\"><li class=\"menu-item menu-item-type-custom menu-item-object-custom menu-item-has-children menu-item-20743\"><a href=\"#\" class=\"elementor-item elementor-item-anchor\" tabindex=\"-1\">El Centro<\/a>\n<ul class=\"sub-menu elementor-nav-menu--dropdown\">\n\t<li class=\"menu-item menu-item-type-post_type menu-item-object-page menu-item-21944\"><a href=\"https:\/\/www.administracion.usmp.edu.pe\/site\/quienes-somos\/\" class=\"elementor-sub-item\" tabindex=\"-1\">Qui\u00e9nes Somos<\/a><\/li>\n\t<li class=\"menu-item menu-item-type-post_type menu-item-object-page menu-item-22206\"><a href=\"https:\/\/www.administracion.usmp.edu.pe\/site\/propuesta-de-valor\/\" class=\"elementor-sub-item\" tabindex=\"-1\">Propuesta de Valor<\/a><\/li>\n\t<li class=\"menu-item menu-item-type-post_type menu-item-object-page menu-item-22265\"><a href=\"https:\/\/www.administracion.usmp.edu.pe\/site\/equipo-de-trabajo\/\" class=\"elementor-sub-item\" tabindex=\"-1\">Equipo de Trabajo<\/a><\/li>\n<\/ul>\n<\/li>\n<li class=\"menu-item menu-item-type-custom menu-item-object-custom menu-item-has-children menu-item-20744\"><a href=\"#\" class=\"elementor-item elementor-item-anchor\" tabindex=\"-1\">Programas<\/a>\n<ul class=\"sub-menu elementor-nav-menu--dropdown\">\n\t<li class=\"menu-item menu-item-type-post_type menu-item-object-page menu-item-22128\"><a href=\"https:\/\/www.administracion.usmp.edu.pe\/site\/programa-de-alta-especializacion-en-direccion-estrategica-de-recursos-humanos\/\" class=\"elementor-sub-item\" tabindex=\"-1\">Programa de Alta Especializaci\u00f3n en Direcci\u00f3n Estrat\u00e9gica de Recursos Humanos<\/a><\/li>\n\t<li class=\"menu-item menu-item-type-post_type menu-item-object-page menu-item-22127\"><a href=\"https:\/\/www.administracion.usmp.edu.pe\/site\/programa-de-alta-especializacion-en-comercio-exterior-y-gestion-aduanera\/\" class=\"elementor-sub-item\" tabindex=\"-1\">Programa de Alta Especializaci\u00f3n en Comercio Exterior y Gesti\u00f3n Aduanera<\/a><\/li>\n\t<li class=\"menu-item menu-item-type-post_type menu-item-object-page menu-item-22122\"><a href=\"https:\/\/www.administracion.usmp.edu.pe\/site\/programa-de-alta-especializacion-en-administracion-publica\/\" class=\"elementor-sub-item\" tabindex=\"-1\">Programa de Alta Especializaci\u00f3n en Administraci\u00f3n P\u00fablica<\/a><\/li>\n\t<li class=\"menu-item menu-item-type-post_type menu-item-object-page menu-item-22125\"><a href=\"https:\/\/www.administracion.usmp.edu.pe\/site\/programa-de-especializacion-en-estrategia-y-gobernanza-de-inteligencia-artificial\/\" class=\"elementor-sub-item\" tabindex=\"-1\">Programa de Especializaci\u00f3n en Estrategia y Gobernanza de Inteligencia Artificial<\/a><\/li>\n\t<li class=\"menu-item menu-item-type-post_type menu-item-object-page menu-item-22124\"><a href=\"https:\/\/www.administracion.usmp.edu.pe\/site\/programa-de-especializacion-profesional-en-marketing-digital\/\" class=\"elementor-sub-item\" tabindex=\"-1\">Programa de Especializaci\u00f3n Profesional en Marketing Digital<\/a><\/li>\n\t<li class=\"menu-item menu-item-type-post_type menu-item-object-page menu-item-22126\"><a href=\"https:\/\/www.administracion.usmp.edu.pe\/site\/programa-de-especializacion-en-gestion-del-riesgo-de-desastres\/\" class=\"elementor-sub-item\" tabindex=\"-1\">Programa de Especializaci\u00f3n en Gesti\u00f3n del Riesgo de Desastres<\/a><\/li>\n\t<li class=\"menu-item menu-item-type-post_type menu-item-object-page menu-item-22316\"><a href=\"https:\/\/www.administracion.usmp.edu.pe\/site\/programa-de-especializacion-de-marketing-politico\/\" class=\"elementor-sub-item\" tabindex=\"-1\">Programa de Especializaci\u00f3n de Marketing Pol\u00edtico<\/a><\/li>\n\t<li class=\"menu-item menu-item-type-post_type menu-item-object-page menu-item-22123\"><a href=\"https:\/\/www.administracion.usmp.edu.pe\/site\/programa-de-especializacion-en-planeamiento-estrategico\/\" class=\"elementor-sub-item\" tabindex=\"-1\">Programa de Especializaci\u00f3n en Planeamiento Estrat\u00e9gico<\/a><\/li>\n\t<li class=\"menu-item menu-item-type-post_type menu-item-object-page menu-item-22121\"><a href=\"https:\/\/www.administracion.usmp.edu.pe\/site\/programa-de-especializacion-en-seguridad-y-salud-en-el-trabajo\/\" class=\"elementor-sub-item\" tabindex=\"-1\">Programa de Especializaci\u00f3n en Seguridad y Salud en el Trabajo<\/a><\/li>\n<\/ul>\n<\/li>\n<li class=\"menu-item menu-item-type-post_type menu-item-object-page menu-item-22164\"><a href=\"https:\/\/www.administracion.usmp.edu.pe\/site\/consultoria-empresarial\/\" class=\"elementor-item\" tabindex=\"-1\">Consultor\u00eda Empresarial<\/a><\/li>\n<li class=\"menu-item menu-item-type-post_type menu-item-object-page menu-item-22235\"><a href=\"https:\/\/www.administracion.usmp.edu.pe\/site\/contacto\/\" class=\"elementor-item\" tabindex=\"-1\">Contacto<\/a><\/li>\n<\/ul>\t\t\t<\/nav>\n\t\t\t\t<\/div>\n\t\t\t\t<\/div>\n\t\t\t\t<div class=\"elementor-element elementor-element-015b8d5 elementor-widget elementor-widget-spacer\" data-id=\"015b8d5\" data-element_type=\"widget\" data-widget_type=\"spacer.default\">\n\t\t\t\t<div class=\"elementor-widget-container\">\n\t\t\t\t\t<div class=\"elementor-spacer\">\n\t\t\t<div class=\"elementor-spacer-inner\"><\/div>\n\t\t<\/div>\n\t\t\t\t<\/div>\n\t\t\t\t<\/div>\n\t\t\t\t<div class=\"elementor-element elementor-element-c8a49e9 elementor-position-left elementor-view-default elementor-mobile-position-top elementor-vertical-align-top elementor-widget elementor-widget-icon-box\" data-id=\"c8a49e9\" data-element_type=\"widget\" data-widget_type=\"icon-box.default\">\n\t\t\t\t<div class=\"elementor-widget-container\">\n\t\t\t\t\t<div class=\"elementor-icon-box-wrapper\">\n\t\t\t\t\t\t<div class=\"elementor-icon-box-icon\">\n\t\t\t\t<span class=\"elementor-icon elementor-animation-\" >\n\t\t\t\t<i aria-hidden=\"true\" class=\"fas fa-grip-lines-vertical\"><\/i>\t\t\t\t<\/span>\n\t\t\t<\/div>\n\t\t\t\t\t\t<div class=\"elementor-icon-box-content\">\n\t\t\t\t<h2 class=\"elementor-icon-box-title\">\n\t\t\t\t\t<span  >\n\t\t\t\t\t\tPLANILLAS, T-REGISTRO Y PLAME\t\t\t\t\t<\/span>\n\t\t\t\t<\/h2>\n\t\t\t\t\t\t\t\t\t<p class=\"elementor-icon-box-description\">\n\t\t\t\t\t\tDomina el manejo de planillas electr\u00f3nicas y los procedimientos relacionados con el T-Registro y el PLAME. Aprende a calcular remuneraciones, beneficios sociales, descuentos y aportes conforme a la legislaci\u00f3n peruana.\t\t\t\t\t<\/p>\n\t\t\t\t\t\t\t<\/div>\n\t\t<\/div>\n\t\t\t\t<\/div>\n\t\t\t\t<\/div>\n\t\t\t\t<div class=\"elementor-element elementor-element-483a3e6 elementor-widget elementor-widget-spacer\" data-id=\"483a3e6\" data-element_type=\"widget\" data-widget_type=\"spacer.default\">\n\t\t\t\t<div class=\"elementor-widget-container\">\n\t\t\t\t\t<div class=\"elementor-spacer\">\n\t\t\t<div class=\"elementor-spacer-inner\"><\/div>\n\t\t<\/div>\n\t\t\t\t<\/div>\n\t\t\t\t<\/div>\n\t\t\t\t\t\t<\/div>\n\t\t\t\t\t<\/div>\n\t\t<\/div>\n\t\t\t\t\t\t\t\t<\/div>\n\t\t\t\t\t<\/div>\n\t\t<\/section>\n\t\t\t\t<section class=\"elementor-section elementor-top-section elementor-element elementor-element-975c025 elementor-section-boxed elementor-section-height-default elementor-section-height-default\" data-id=\"975c025\" data-element_type=\"section\">\n\t\t\t\t\t\t<div class=\"elementor-container elementor-column-gap-default\">\n\t\t\t\t\t\t\t<div class=\"elementor-row\">\n\t\t\t\t\t<div class=\"elementor-column elementor-col-50 elementor-top-column elementor-element elementor-element-fd55a36\" data-id=\"fd55a36\" data-element_type=\"column\">\n\t\t\t<div class=\"elementor-column-wrap elementor-element-populated\">\n\t\t\t\t\t\t\t<div class=\"elementor-widget-wrap\">\n\t\t\t\t\t\t<div class=\"elementor-element elementor-element-bb38afd elementor-widget elementor-widget-image\" data-id=\"bb38afd\" data-element_type=\"widget\" data-widget_type=\"image.default\">\n\t\t\t\t<div class=\"elementor-widget-container\">\n\t\t\t\t\t\t\t\t<div class=\"elementor-image\">\n\t\t\t\t\t\t\t\t\t\t\t\t<img width=\"1024\" height=\"683\" src=\"https:\/\/www.administracion.usmp.edu.pe\/site\/wp-content\/uploads\/2025\/10\/Planillas-T-Registro-y-PLAME-1024x683.png\" class=\"attachment-large size-large\" alt=\"\" loading=\"lazy\" srcset=\"https:\/\/www.administracion.usmp.edu.pe\/site\/wp-content\/uploads\/2025\/10\/Planillas-T-Registro-y-PLAME-1024x683.png 1024w, https:\/\/www.administracion.usmp.edu.pe\/site\/wp-content\/uploads\/2025\/10\/Planillas-T-Registro-y-PLAME-300x200.png 300w, https:\/\/www.administracion.usmp.edu.pe\/site\/wp-content\/uploads\/2025\/10\/Planillas-T-Registro-y-PLAME-768x512.png 768w, https:\/\/www.administracion.usmp.edu.pe\/site\/wp-content\/uploads\/2025\/10\/Planillas-T-Registro-y-PLAME.png 1536w\" sizes=\"(max-width: 1024px) 100vw, 1024px\" \/>\t\t\t\t\t\t\t\t\t\t\t\t\t\t<\/div>\n\t\t\t\t\t\t<\/div>\n\t\t\t\t<\/div>\n\t\t\t\t\t\t<\/div>\n\t\t\t\t\t<\/div>\n\t\t<\/div>\n\t\t\t\t<div class=\"elementor-column elementor-col-50 elementor-top-column elementor-element elementor-element-fb25ed2\" data-id=\"fb25ed2\" data-element_type=\"column\">\n\t\t\t<div class=\"elementor-column-wrap elementor-element-populated\">\n\t\t\t\t\t\t\t<div class=\"elementor-widget-wrap\">\n\t\t\t\t\t\t<div class=\"elementor-element elementor-element-57784e0 elementor-position-left elementor-view-default elementor-mobile-position-top elementor-vertical-align-top elementor-widget elementor-widget-icon-box\" data-id=\"57784e0\" data-element_type=\"widget\" data-widget_type=\"icon-box.default\">\n\t\t\t\t<div class=\"elementor-widget-container\">\n\t\t\t\t\t<div class=\"elementor-icon-box-wrapper\">\n\t\t\t\t\t\t<div class=\"elementor-icon-box-icon\">\n\t\t\t\t<span class=\"elementor-icon elementor-animation-\" >\n\t\t\t\t<i aria-hidden=\"true\" class=\"far fa-clock\"><\/i>\t\t\t\t<\/span>\n\t\t\t<\/div>\n\t\t\t\t\t\t<div class=\"elementor-icon-box-content\">\n\t\t\t\t<h6 class=\"elementor-icon-box-title\">\n\t\t\t\t\t<span  >\n\t\t\t\t\t\tDuraci\u00f3n\t\t\t\t\t<\/span>\n\t\t\t\t<\/h6>\n\t\t\t\t\t\t\t\t\t<p class=\"elementor-icon-box-description\">\n\t\t\t\t\t\t40 horas acad\u00e9micas (32 h sincr\u00f3nicas \/ 8 h asincr\u00f3nicas)\t\t\t\t\t<\/p>\n\t\t\t\t\t\t\t<\/div>\n\t\t<\/div>\n\t\t\t\t<\/div>\n\t\t\t\t<\/div>\n\t\t\t\t<div class=\"elementor-element elementor-element-0a75651 elementor-position-left elementor-view-default elementor-mobile-position-top elementor-vertical-align-top elementor-widget elementor-widget-icon-box\" data-id=\"0a75651\" data-element_type=\"widget\" data-widget_type=\"icon-box.default\">\n\t\t\t\t<div class=\"elementor-widget-container\">\n\t\t\t\t\t<div class=\"elementor-icon-box-wrapper\">\n\t\t\t\t\t\t<div class=\"elementor-icon-box-icon\">\n\t\t\t\t<span class=\"elementor-icon elementor-animation-\" >\n\t\t\t\t<i aria-hidden=\"true\" class=\"far fa-calendar-times\"><\/i>\t\t\t\t<\/span>\n\t\t\t<\/div>\n\t\t\t\t\t\t<div class=\"elementor-icon-box-content\">\n\t\t\t\t<h6 class=\"elementor-icon-box-title\">\n\t\t\t\t\t<span  >\n\t\t\t\t\t\tFrecuencia\t\t\t\t\t<\/span>\n\t\t\t\t<\/h6>\n\t\t\t\t\t\t\t\t\t<p class=\"elementor-icon-box-description\">\n\t\t\t\t\t\t2 veces por semana\t\t\t\t\t<\/p>\n\t\t\t\t\t\t\t<\/div>\n\t\t<\/div>\n\t\t\t\t<\/div>\n\t\t\t\t<\/div>\n\t\t\t\t<div class=\"elementor-element elementor-element-4302d8f elementor-position-left elementor-view-default elementor-mobile-position-top elementor-vertical-align-top elementor-widget elementor-widget-icon-box\" data-id=\"4302d8f\" data-element_type=\"widget\" data-widget_type=\"icon-box.default\">\n\t\t\t\t<div class=\"elementor-widget-container\">\n\t\t\t\t\t<div class=\"elementor-icon-box-wrapper\">\n\t\t\t\t\t\t<div class=\"elementor-icon-box-icon\">\n\t\t\t\t<span class=\"elementor-icon elementor-animation-\" >\n\t\t\t\t<i aria-hidden=\"true\" class=\"fas fa-laptop\"><\/i>\t\t\t\t<\/span>\n\t\t\t<\/div>\n\t\t\t\t\t\t<div class=\"elementor-icon-box-content\">\n\t\t\t\t<h6 class=\"elementor-icon-box-title\">\n\t\t\t\t\t<span  >\n\t\t\t\t\t\tModalidad\t\t\t\t\t<\/span>\n\t\t\t\t<\/h6>\n\t\t\t\t\t\t\t\t\t<p class=\"elementor-icon-box-description\">\n\t\t\t\t\t\tVirtual\t\t\t\t\t<\/p>\n\t\t\t\t\t\t\t<\/div>\n\t\t<\/div>\n\t\t\t\t<\/div>\n\t\t\t\t<\/div>\n\t\t\t\t<div class=\"elementor-element elementor-element-0a04843 elementor-position-left elementor-view-default elementor-mobile-position-top elementor-vertical-align-top elementor-widget elementor-widget-icon-box\" data-id=\"0a04843\" data-element_type=\"widget\" data-widget_type=\"icon-box.default\">\n\t\t\t\t<div class=\"elementor-widget-container\">\n\t\t\t\t\t<div class=\"elementor-icon-box-wrapper\">\n\t\t\t\t\t\t<div class=\"elementor-icon-box-icon\">\n\t\t\t\t<span class=\"elementor-icon elementor-animation-\" >\n\t\t\t\t<i aria-hidden=\"true\" class=\"far fa-file-pdf\"><\/i>\t\t\t\t<\/span>\n\t\t\t<\/div>\n\t\t\t\t\t\t<div class=\"elementor-icon-box-content\">\n\t\t\t\t<h6 class=\"elementor-icon-box-title\">\n\t\t\t\t\t<span  >\n\t\t\t\t\t\tCertificaci\u00f3n\t\t\t\t\t<\/span>\n\t\t\t\t<\/h6>\n\t\t\t\t\t\t\t\t\t<p class=\"elementor-icon-box-description\">\n\t\t\t\t\t\tDiploma digital emitido por la USMP\t\t\t\t\t<\/p>\n\t\t\t\t\t\t\t<\/div>\n\t\t<\/div>\n\t\t\t\t<\/div>\n\t\t\t\t<\/div>\n\t\t\t\t<div class=\"elementor-element elementor-element-3d1ac06 elementor-position-left elementor-view-default elementor-mobile-position-top elementor-vertical-align-top elementor-widget elementor-widget-icon-box\" data-id=\"3d1ac06\" data-element_type=\"widget\" data-widget_type=\"icon-box.default\">\n\t\t\t\t<div class=\"elementor-widget-container\">\n\t\t\t\t\t<div class=\"elementor-icon-box-wrapper\">\n\t\t\t\t\t\t<div class=\"elementor-icon-box-icon\">\n\t\t\t\t<span class=\"elementor-icon elementor-animation-\" >\n\t\t\t\t<i aria-hidden=\"true\" class=\"far fa-money-bill-alt\"><\/i>\t\t\t\t<\/span>\n\t\t\t<\/div>\n\t\t\t\t\t\t<div class=\"elementor-icon-box-content\">\n\t\t\t\t<h6 class=\"elementor-icon-box-title\">\n\t\t\t\t\t<span  >\n\t\t\t\t\t\tInversi\u00f3n\t\t\t\t\t<\/span>\n\t\t\t\t<\/h6>\n\t\t\t\t\t\t\t\t\t<p class=\"elementor-icon-box-description\">\n\t\t\t\t\t\tS\/ 650\n\t\t\t\t\t<\/p>\n\t\t\t\t\t\t\t<\/div>\n\t\t<\/div>\n\t\t\t\t<\/div>\n\t\t\t\t<\/div>\n\t\t\t\t\t\t<\/div>\n\t\t\t\t\t<\/div>\n\t\t<\/div>\n\t\t\t\t\t\t\t\t<\/div>\n\t\t\t\t\t<\/div>\n\t\t<\/section>\n\t\t\t\t<section class=\"elementor-section elementor-top-section elementor-element elementor-element-9d8a455 elementor-section-boxed elementor-section-height-default elementor-section-height-default\" data-id=\"9d8a455\" data-element_type=\"section\">\n\t\t\t\t\t\t<div class=\"elementor-container elementor-column-gap-default\">\n\t\t\t\t\t\t\t<div class=\"elementor-row\">\n\t\t\t\t\t<div class=\"elementor-column elementor-col-100 elementor-top-column elementor-element elementor-element-f890d96\" data-id=\"f890d96\" data-element_type=\"column\">\n\t\t\t<div class=\"elementor-column-wrap elementor-element-populated\">\n\t\t\t\t\t\t\t<div class=\"elementor-widget-wrap\">\n\t\t\t\t\t\t<div class=\"elementor-element elementor-element-4002544 elementor-widget elementor-widget-spacer\" data-id=\"4002544\" data-element_type=\"widget\" data-widget_type=\"spacer.default\">\n\t\t\t\t<div class=\"elementor-widget-container\">\n\t\t\t\t\t<div class=\"elementor-spacer\">\n\t\t\t<div class=\"elementor-spacer-inner\"><\/div>\n\t\t<\/div>\n\t\t\t\t<\/div>\n\t\t\t\t<\/div>\n\t\t\t\t\t\t<\/div>\n\t\t\t\t\t<\/div>\n\t\t<\/div>\n\t\t\t\t\t\t\t\t<\/div>\n\t\t\t\t\t<\/div>\n\t\t<\/section>\n\t\t\t\t\t\t\t\t\t<\/div>\n\t\t\t<\/div>\n\t\t\t\t\t<\/div>\n\t\t","protected":false},"excerpt":{"rendered":"<p>PLANILLAS, T-REGISTRO Y PLAME Domina el manejo de planillas electr\u00f3nicas y los procedimientos relacionados con el T-Registro y el PLAME. Aprende a calcular remuneraciones, beneficios sociales, descuentos y aportes conforme a la legislaci\u00f3n peruana. Duraci\u00f3n 40 horas acad\u00e9micas (32 h sincr\u00f3nicas \/ 8 h asincr\u00f3nicas) Frecuencia 2 veces por semana Modalidad Virtual Certificaci\u00f3n Diploma digital &#8230; <a title=\"Planillas, T-Registro y PLAME\" class=\"read-more\" href=\"https:\/\/www.administracion.usmp.edu.pe\/site\/planilla-t-registro-y-plame\/\" aria-label=\"M\u00e1s en Planillas, T-Registro y PLAME\">Leer m\u00e1s<\/a><\/p>\n","protected":false},"author":9,"featured_media":0,"parent":0,"menu_order":0,"comment_status":"closed","ping_status":"closed","template":"elementor_canvas","meta":[],"_links":{"self":[{"href":"https:\/\/www.administracion.usmp.edu.pe\/site\/wp-json\/wp\/v2\/pages\/20921"}],"collection":[{"href":"https:\/\/www.administracion.usmp.edu.pe\/site\/wp-json\/wp\/v2\/pages"}],"about":[{"href":"https:\/\/www.administracion.usmp.edu.pe\/site\/wp-json\/wp\/v2\/types\/page"}],"author":[{"embeddable":true,"href":"https:\/\/www.administracion.usmp.edu.pe\/site\/wp-json\/wp\/v2\/users\/9"}],"replies":[{"embeddable":true,"href":"https:\/\/www.administracion.usmp.edu.pe\/site\/wp-json\/wp\/v2\/comments?post=20921"}],"version-history":[{"count":7,"href":"https:\/\/www.administracion.usmp.edu.pe\/site\/wp-json\/wp\/v2\/pages\/20921\/revisions"}],"predecessor-version":[{"id":20936,"href":"https:\/\/www.administracion.usmp.edu.pe\/site\/wp-json\/wp\/v2\/pages\/20921\/revisions\/20936"}],"wp:attachment":[{"href":"https:\/\/www.administracion.usmp.edu.pe\/site\/wp-json\/wp\/v2\/media?parent=20921"}],"curies":[{"name":"wp","href":"https:\/\/api.w.org\/{rel}","templated":true}]}}