{"id":30,"date":"2014-05-02T23:02:29","date_gmt":"2014-05-02T23:02:29","guid":{"rendered":"https:\/\/www.administracion.usmp.edu.pe\/recursoshumanos1\/?page_id=30"},"modified":"2024-08-22T17:47:34","modified_gmt":"2024-08-22T22:47:34","slug":"perfil-profesional","status":"publish","type":"page","link":"https:\/\/www.administracion.usmp.edu.pe\/recursoshumanos\/perfil-profesional\/","title":{"rendered":"Perfil del Graduado"},"content":{"rendered":"<p><strong>Competencias gen\u00e9ricas <\/strong><\/p>\n<p><strong>Pensamiento sist\u00e9mico<br \/>\n<\/strong>Aplica el an\u00e1lisis y la s\u00edntesis, la inducci\u00f3n y la deducci\u00f3n, y el enfoque sist\u00e9mico, entre \u00a0\u00a0\u00a0otros, como estrategias generales de adquisici\u00f3n del conocimiento.<\/p>\n<p><strong>Pensamiento cr\u00edtico<br \/>\n<\/strong>Utiliza el pensamiento cr\u00edtico, al analizar los diferentes contextos, fuentes de informaci\u00f3n y hechos de la realidad.<\/p>\n<p><strong>Investigaci\u00f3n<br \/>\n<\/strong>Realiza investigaciones, relacionadas con su profesi\u00f3n, bajo la gu\u00eda de un profesional de mayor experiencia.<\/p>\n<p><strong>Aprendizaje aut\u00f3nomo<br \/>\n<\/strong>Aplica adecuadamente estrategias metacognitivas, lo que lo capacita para el aprendizaje aut\u00f3nomo para toda la vida (Aprender a aprender).<\/p>\n<p><strong>Gesti\u00f3n del tiempo<br \/>\n<\/strong>Planifica y organiza eficazmente sus actividades y el tiempo dedicado a ellas.<\/p>\n<p><strong>Comunicaci\u00f3n efectiva<br \/>\n<\/strong>Se comunica asertivamente en idioma espa\u00f1ol<\/p>\n<p><strong>Comunicaci\u00f3n en ingl\u00e9s<br \/>\n<\/strong>Comunica ideas b\u00e1sicas de la vida cotidiana y de su profesi\u00f3n, en idioma ingl\u00e9s (intermedio).<\/p>\n<p><strong>Uso de tecnolog\u00eda<br \/>\n<\/strong>Utiliza eficazmente las nuevas tecnolog\u00edas de la informaci\u00f3n y la comunicaci\u00f3n.<\/p>\n<p><strong>Resoluci\u00f3n de problemas<br \/>\n<\/strong>Resuelve de manera creadora los problemas profesionales y personales a los que se enfrenta.<\/p>\n<p><strong>Liderazgo<br \/>\n<\/strong>Lidera y participa activamente en equipos de trabajo, se compromete con las tareas y logros de los mismos.<\/p>\n<p><strong>Gesti\u00f3n de proyectos<br \/>\n<\/strong>Elabora y gestiona proyectos de diversa \u00edndole, vinculados a su profesi\u00f3n<\/p>\n<p><strong>Interculturalidad<br \/>\n<\/strong>Reconoce la diversidad cultural y la existencia de diferentes perspectivas culturales, expresadas en distintas formas de organizaci\u00f3n, sistemas de relaci\u00f3n y visiones del mundo, lo que implica el reconocimiento y valoraci\u00f3n del otro.<\/p>\n<p><strong>Competencias espec\u00edficas Adaptabilidad a los cambios del entorno<br \/>\n<\/strong>Muestra disposici\u00f3n para acomodarse r\u00e1pidamente a contextos organizacionales din\u00e1micos, mediante la integraci\u00f3n a nuevos grupos, culturas y compromiso con los objetivos institucionales.<\/p>\n<p><strong>Gesti\u00f3n del conocimiento<br \/>\n<\/strong>Desarrolla actividades para gestionar conocimientos en las organizaciones y de las personas que en ellas trabajan, para asegurar el logro de sus objetivos.<\/p>\n<p><strong>Desarrollo del talento<br \/>\n<\/strong>Promueve el conocimiento del talento propio y de los dem\u00e1s, a trav\u00e9s de la generaci\u00f3n de nuevas capacidades que motiven el desarrollo personal y laboral.<\/p>\n<p><strong>Actitudes y valores institucionales<\/strong><\/p>\n<ul>\n<li>Respeto a la persona.<\/li>\n<li>B\u00fasqueda de la<\/li>\n<li>Integridad (Honestidad, equidad, justicia, solidaridad y vocaci\u00f3n de servicio).<\/li>\n<li>B\u00fasqueda de la excelencia.<\/li>\n<li>Liderazgo (acad\u00e9mico, tecnol\u00f3gico y otros).<\/li>\n<li>Actitud innovadora y<\/li>\n<li>Conservaci\u00f3n<\/li>\n<li>Trabajo en equipo.<\/li>\n<li>Comunicaci\u00f3n<\/li>\n<li>Compromiso con el desarrollo del pa\u00eds.<\/li>\n<\/ul>\n<p>El profesional de la carrera de Gesti\u00f3n de Recursos Humanos posee una visi\u00f3n gerencial y estrat\u00e9gica del factor humano y consolida las organizaciones a trav\u00e9s de sus colaboradores dentro de un contexto global, con valores \u00e9ticos y responsabilidad social.<\/p>\n<p>La s\u00f3lida formaci\u00f3n acad\u00e9mica le otorga una visi\u00f3n integral de las organizaciones, manejo del contexto con habilidades de investigaci\u00f3n, an\u00e1lisis, pensamiento cr\u00edtico e innovador que le permite proponer modelos de respuesta a las aspiraciones de las personas y de su bienestar como tambi\u00e9n de formar a la gente que la empresa necesita, para obtener el m\u00e1ximo rendimiento en el logro de los objetivos de la instituci\u00f3n.<\/p>\n<p>Es un profesional que podr\u00e1 desempe\u00f1arse tanto en la empresa privada como p\u00fablica, as\u00ed como en la consultor\u00eda y asesor\u00eda en la gesti\u00f3n de recursos humanos.<\/p>\n<p>Al concluir la carrera, el Licenciado en Gesti\u00f3n de Recursos Humanos mostrar\u00e1 las siguientes competencias:<\/p>\n<p><strong>Comunicaci\u00f3n efectiva<\/strong><\/p>\n<ul>\n<li>Expresa e interpreta ideas de manera efectiva, en forma oral y escrita, en lengua castellana, aplicando ayudas audiovisuales y con uso correcto de las normas acad\u00e9micas de nivel universitario.<\/li>\n<\/ul>\n<p><strong>Soluci\u00f3n de problemas<\/strong><\/p>\n<ul>\n<li>Plantea problemas y soluciones de la gesti\u00f3n empresarial con visi\u00f3n sist\u00e9mica, haciendo uso de conocimientos del campo de su formacl\u00f3n.<\/li>\n<\/ul>\n<p><strong>Dise\u00f1o de estrategias<\/strong><\/p>\n<ul>\n<li>Dise\u00f1a estrategias de gesti\u00f3n de recursos humanos, tomando en cuenta los objetivos de la organizaci\u00f3n y con enfoque sist\u00e9mico.<\/li>\n<\/ul>\n<p><strong>Gesti\u00f3n de estrategias<\/strong><\/p>\n<ul>\n<li>Gestiona estrategias de recursos humanos utilizando indicadores de gesti\u00f3n.<\/li>\n<\/ul>\n<p><strong>Gesti\u00f3n de proyectos<\/strong><\/p>\n<ul>\n<li>Formula y gestiona planes y proyectos de recursos humanos, considerando su sostenibilidad<\/li>\n<\/ul>\n<p><strong>Toma de decisiones<\/strong><\/p>\n<ul>\n<li>Toma decisiones referidas a procesos organizacionales discriminando alternativas de soluci\u00f3n, con enfoque intercultural y responsabilidad social<\/li>\n<\/ul>\n","protected":false},"excerpt":{"rendered":"<p>Competencias gen\u00e9ricas Pensamiento sist\u00e9mico Aplica el an\u00e1lisis y la s\u00edntesis, la inducci\u00f3n y la deducci\u00f3n, y el enfoque sist\u00e9mico, entre [&hellip;]<\/p>\n","protected":false},"author":2,"featured_media":0,"parent":0,"menu_order":0,"comment_status":"open","ping_status":"open","template":"","meta":{"footnotes":""},"class_list":["post-30","page","type-page","status-publish","hentry"],"_links":{"self":[{"href":"https:\/\/www.administracion.usmp.edu.pe\/recursoshumanos\/wp-json\/wp\/v2\/pages\/30","targetHints":{"allow":["GET"]}}],"collection":[{"href":"https:\/\/www.administracion.usmp.edu.pe\/recursoshumanos\/wp-json\/wp\/v2\/pages"}],"about":[{"href":"https:\/\/www.administracion.usmp.edu.pe\/recursoshumanos\/wp-json\/wp\/v2\/types\/page"}],"author":[{"embeddable":true,"href":"https:\/\/www.administracion.usmp.edu.pe\/recursoshumanos\/wp-json\/wp\/v2\/users\/2"}],"replies":[{"embeddable":true,"href":"https:\/\/www.administracion.usmp.edu.pe\/recursoshumanos\/wp-json\/wp\/v2\/comments?post=30"}],"version-history":[{"count":3,"href":"https:\/\/www.administracion.usmp.edu.pe\/recursoshumanos\/wp-json\/wp\/v2\/pages\/30\/revisions"}],"predecessor-version":[{"id":989,"href":"https:\/\/www.administracion.usmp.edu.pe\/recursoshumanos\/wp-json\/wp\/v2\/pages\/30\/revisions\/989"}],"wp:attachment":[{"href":"https:\/\/www.administracion.usmp.edu.pe\/recursoshumanos\/wp-json\/wp\/v2\/media?parent=30"}],"curies":[{"name":"wp","href":"https:\/\/api.w.org\/{rel}","templated":true}]}}

<p><strong>Competencias genéricas </strong></p>
<p><strong>Pensamiento sistémico<br />
</strong>Aplica el análisis y la síntesis, la inducción y la deducción, y el enfoque sistémico, entre    otros, como estrategias generales de adquisición del conocimiento.</p>
<p><strong>Pensamiento crítico<br />
</strong>Utiliza el pensamiento crítico, al analizar los diferentes contextos, fuentes de información y hechos de la realidad.</p>
<p><strong>Investigación<br />
</strong>Realiza investigaciones, relacionadas con su profesión, bajo la guía de un profesional de mayor experiencia.</p>
<p><strong>Aprendizaje autónomo<br />
</strong>Aplica adecuadamente estrategias metacognitivas, lo que lo capacita para el aprendizaje autónomo para toda la vida (Aprender a aprender).</p>
<p><strong>Gestión del tiempo<br />
</strong>Planifica y organiza eficazmente sus actividades y el tiempo dedicado a ellas.</p>
<p><strong>Comunicación efectiva<br />
</strong>Se comunica asertivamente en idioma español</p>
<p><strong>Comunicación en inglés<br />
</strong>Comunica ideas básicas de la vida cotidiana y de su profesión, en idioma inglés (intermedio).</p>
<p><strong>Uso de tecnología<br />
</strong>Utiliza eficazmente las nuevas tecnologías de la información y la comunicación.</p>
<p><strong>Resolución de problemas<br />
</strong>Resuelve de manera creadora los problemas profesionales y personales a los que se enfrenta.</p>
<p><strong>Liderazgo<br />
</strong>Lidera y participa activamente en equipos de trabajo, se compromete con las tareas y logros de los mismos.</p>
<p><strong>Gestión de proyectos<br />
</strong>Elabora y gestiona proyectos de diversa índole, vinculados a su profesión</p>
<p><strong>Interculturalidad<br />
</strong>Reconoce la diversidad cultural y la existencia de diferentes perspectivas culturales, expresadas en distintas formas de organización, sistemas de relación y visiones del mundo, lo que implica el reconocimiento y valoración del otro.</p>
<p><strong>Competencias específicas Adaptabilidad a los cambios del entorno<br />
</strong>Muestra disposición para acomodarse rápidamente a contextos organizacionales dinámicos, mediante la integración a nuevos grupos, culturas y compromiso con los objetivos institucionales.</p>
<p><strong>Gestión del conocimiento<br />
</strong>Desarrolla actividades para gestionar conocimientos en las organizaciones y de las personas que en ellas trabajan, para asegurar el logro de sus objetivos.</p>
<p><strong>Desarrollo del talento<br />
</strong>Promueve el conocimiento del talento propio y de los demás, a través de la generación de nuevas capacidades que motiven el desarrollo personal y laboral.</p>
<p><strong>Actitudes y valores institucionales</strong></p>
<ul>
<li>Respeto a la persona.</li>
<li>Búsqueda de la</li>
<li>Integridad (Honestidad, equidad, justicia, solidaridad y vocación de servicio).</li>
<li>Búsqueda de la excelencia.</li>
<li>Liderazgo (académico, tecnológico y otros).</li>
<li>Actitud innovadora y</li>
<li>Conservación</li>
<li>Trabajo en equipo.</li>
<li>Comunicación</li>
<li>Compromiso con el desarrollo del país.</li>
</ul>
<p>El profesional de la carrera de Gestión de Recursos Humanos posee una visión gerencial y estratégica del factor humano y consolida las organizaciones a través de sus colaboradores dentro de un contexto global, con valores éticos y responsabilidad social.</p>
<p>La sólida formación académica le otorga una visión integral de las organizaciones, manejo del contexto con habilidades de investigación, análisis, pensamiento crítico e innovador que le permite proponer modelos de respuesta a las aspiraciones de las personas y de su bienestar como también de formar a la gente que la empresa necesita, para obtener el máximo rendimiento en el logro de los objetivos de la institución.</p>
<p>Es un profesional que podrá desempeñarse tanto en la empresa privada como pública, así como en la consultoría y asesoría en la gestión de recursos humanos.</p>
<p>Al concluir la carrera, el Licenciado en Gestión de Recursos Humanos mostrará las siguientes competencias:</p>
<p><strong>Comunicación efectiva</strong></p>
<ul>
<li>Expresa e interpreta ideas de manera efectiva, en forma oral y escrita, en lengua castellana, aplicando ayudas audiovisuales y con uso correcto de las normas académicas de nivel universitario.</li>
</ul>
<p><strong>Solución de problemas</strong></p>
<ul>
<li>Plantea problemas y soluciones de la gestión empresarial con visión sistémica, haciendo uso de conocimientos del campo de su formaclón.</li>
</ul>
<p><strong>Diseño de estrategias</strong></p>
<ul>
<li>Diseña estrategias de gestión de recursos humanos, tomando en cuenta los objetivos de la organización y con enfoque sistémico.</li>
</ul>
<p><strong>Gestión de estrategias</strong></p>
<ul>
<li>Gestiona estrategias de recursos humanos utilizando indicadores de gestión.</li>
</ul>
<p><strong>Gestión de proyectos</strong></p>
<ul>
<li>Formula y gestiona planes y proyectos de recursos humanos, considerando su sostenibilidad</li>
</ul>
<p><strong>Toma de decisiones</strong></p>
<ul>
<li>Toma decisiones referidas a procesos organizacionales discriminando alternativas de solución, con enfoque intercultural y responsabilidad social</li>
</ul>

<p>Competencias genéricas Pensamiento sistémico Aplica el análisis y la síntesis, la inducción y la deducción, y el enfoque sistémico, entre [&hellip;]</p>
