{"id":8,"date":"2014-03-26T18:58:20","date_gmt":"2014-03-26T18:58:20","guid":{"rendered":"https:\/\/www.administracion.usmp.edu.pe\/mkt\/?page_id=8"},"modified":"2025-09-18T16:39:31","modified_gmt":"2025-09-18T21:39:31","slug":"bienvenida","status":"publish","type":"page","link":"https:\/\/www.administracion.usmp.edu.pe\/marketing\/","title":{"rendered":"Palabras del Director"},"content":{"rendered":"\n<p><a href=\"https:\/\/www.administracion.usmp.edu.pe\/negocios\/wp-content\/uploads\/sites\/18\/2019\/01\/javier-alva-usmp-1024x660.jpg\"><img loading=\"lazy\" decoding=\"async\" class=\"aligncenter wp-image-1028 size-full\" src=\"https:\/\/www.administracion.usmp.edu.pe\/negocios\/wp-content\/uploads\/sites\/18\/2019\/01\/javier-alva-usmp-1024x660.jpg\" alt=\"\" width=\"1024\" height=\"660\" \/><\/a><\/p>\n\n\n\n<p class=\"has-text-align-left\"><b>Dr. Javier Alva Garc\u00eda<br>Director<br>Escuela Profesional de Marketing<\/b><\/p>\n\n\n\n<p class=\"has-text-align-left\">La Escuela de Marketing realiza un seguimiento constante de la evoluci\u00f3n de la profesi\u00f3n y de los cambios en el \u00e1mbito nacional e internacional, con el objetivo de ofrecer una formaci\u00f3n que prepare a los estudiantes para afrontar con \u00e9xito los desaf\u00edos del ejercicio profesional.<\/p>\n\n\n\n<p class=\"has-text-align-left\">En este sentido, y siguiendo los lineamientos de mejora continua, se ha llevado a cabo una actualizaci\u00f3n integral del plan de estudios, en cumplimiento del marco normativo vigente y los est\u00e1ndares de acreditaci\u00f3n nacional e internacional de ACBSP, ACSUG y SINEACE.<\/p>\n\n\n\n<p><strong>Innovaci\u00f3n y Competencias para el Futuro<\/strong><\/p>\n\n\n\n<p class=\"has-text-align-left\">El proceso de revisi\u00f3n curricular no solo ha contemplado la actualizaci\u00f3n e inclusi\u00f3n de nuevos contenidos alineados con las competencias que exige el mercado global, sino tambi\u00e9n la incorporaci\u00f3n de experiencias formativas innovadoras. Estas incluyen el impulso del emprendimiento y el fortalecimiento de habilidades digitales a trav\u00e9s del uso de simuladores, enriqueciendo as\u00ed la formaci\u00f3n pr\u00e1ctica de los estudiantes.<\/p>\n\n\n\n<p class=\"has-text-align-left\">Adem\u00e1s, se han integrado contenidos alineados con los Objetivos de Desarrollo Sostenible (ODS) y estrategias que fomentan la investigaci\u00f3n formativa, promoviendo un aprendizaje m\u00e1s completo y orientado a la realidad empresarial actual.<\/p>\n\n\n\n<p><strong>Cambios y Nuevas Asignaturas<\/strong><\/p>\n\n\n\n<p class=\"has-text-align-left\">Entre las principales modificaciones curriculares, destacan la actualizaci\u00f3n de asignaturas clave en la especializaci\u00f3n, como:<\/p>\n\n\n\n<ul class=\"wp-block-list\">\n<li><strong>Investigaci\u00f3n, Desarrollo e Innovaci\u00f3n<\/strong><\/li>\n\n\n\n<li><strong>Comportamiento del Consumidor<\/strong><\/li>\n\n\n\n<li><strong>Neuromarketing<\/strong><\/li>\n\n\n\n<li><strong>Trade Marketing y Merchandising<\/strong><\/li>\n<\/ul>\n\n\n\n<p class=\"has-text-align-left\">Asimismo, se han incorporado nuevas asignaturas que responden a las tendencias actuales del marketing y la gesti\u00f3n comercial, tales como:<\/p>\n\n\n\n<ul class=\"wp-block-list\">\n<li><strong>Pol\u00edticas de Producto<\/strong><\/li>\n\n\n\n<li><strong>Sistemas de Informaci\u00f3n de Mercados<\/strong><\/li>\n\n\n\n<li><strong>Pol\u00edticas de Precio<\/strong><\/li>\n\n\n\n<li><strong>Branding<\/strong><\/li>\n\n\n\n<li><strong>E-Commerce<\/strong><\/li>\n\n\n\n<li><strong>Direcci\u00f3n Comercial<\/strong><\/li>\n\n\n\n<li><strong>Marketing Relacional<\/strong><\/li>\n\n\n\n<li><strong>Pol\u00edtica de Comunicaciones Integradas<\/strong><\/li>\n\n\n\n<li><strong>Marketing Digital y Comunicaci\u00f3n Visual<\/strong><\/li>\n<\/ul>\n\n\n\n<p>.<\/p>\n\n\n\n<p class=\"has-text-align-left\">Estas mejoras buscan fortalecer el perfil profesional de nuestros egresados y facilitar su inserci\u00f3n temprana en el mercado laboral.<\/p>\n\n\n\n<p><strong>Compromiso con la Excelencia Acad\u00e9mica<\/strong><\/p>\n\n\n\n<p class=\"has-text-align-left\">Con esta actualizaci\u00f3n, la Escuela de Marketing reafirma su compromiso con la formaci\u00f3n de profesionales altamente competitivos, alineando su propuesta educativa con las demandas del contexto nacional e internacional. Este esfuerzo se enmarca en el modelo educativo de la USMP, consolidando su proyecto acad\u00e9mico y asegurando una educaci\u00f3n de calidad en todas sus modalidades.<\/p>\n","protected":false},"excerpt":{"rendered":"<p>Dr. Javier Alva Garc\u00edaDirectorEscuela Profesional de Marketing La Escuela de Marketing realiza un seguimiento constante de la evoluci\u00f3n de la [&hellip;]<\/p>\n","protected":false},"author":2,"featured_media":0,"parent":0,"menu_order":0,"comment_status":"open","ping_status":"open","template":"","meta":{"footnotes":""},"class_list":["post-8","page","type-page","status-publish","hentry"],"_links":{"self":[{"href":"https:\/\/www.administracion.usmp.edu.pe\/marketing\/wp-json\/wp\/v2\/pages\/8","targetHints":{"allow":["GET"]}}],"collection":[{"href":"https:\/\/www.administracion.usmp.edu.pe\/marketing\/wp-json\/wp\/v2\/pages"}],"about":[{"href":"https:\/\/www.administracion.usmp.edu.pe\/marketing\/wp-json\/wp\/v2\/types\/page"}],"author":[{"embeddable":true,"href":"https:\/\/www.administracion.usmp.edu.pe\/marketing\/wp-json\/wp\/v2\/users\/2"}],"replies":[{"embeddable":true,"href":"https:\/\/www.administracion.usmp.edu.pe\/marketing\/wp-json\/wp\/v2\/comments?post=8"}],"version-history":[{"count":2,"href":"https:\/\/www.administracion.usmp.edu.pe\/marketing\/wp-json\/wp\/v2\/pages\/8\/revisions"}],"predecessor-version":[{"id":1229,"href":"https:\/\/www.administracion.usmp.edu.pe\/marketing\/wp-json\/wp\/v2\/pages\/8\/revisions\/1229"}],"wp:attachment":[{"href":"https:\/\/www.administracion.usmp.edu.pe\/marketing\/wp-json\/wp\/v2\/media?parent=8"}],"curies":[{"name":"wp","href":"https:\/\/api.w.org\/{rel}","templated":true}]}}

<p><a href="https://www.administracion.usmp.edu.pe/negocios/wp-content/uploads/sites/18/2019/01/javier-alva-usmp-1024x660.jpg"><img loading="lazy" decoding="async" class="aligncenter wp-image-1028 size-full" src="https://www.administracion.usmp.edu.pe/negocios/wp-content/uploads/sites/18/2019/01/javier-alva-usmp-1024x660.jpg" alt="" width="1024" height="660" /></a></p>



<p class="has-text-align-left"><b>Dr. Javier Alva García<br>Director<br>Escuela Profesional de Marketing</b></p>



<p class="has-text-align-left">La Escuela de Marketing realiza un seguimiento constante de la evolución de la profesión y de los cambios en el ámbito nacional e internacional, con el objetivo de ofrecer una formación que prepare a los estudiantes para afrontar con éxito los desafíos del ejercicio profesional.</p>



<p class="has-text-align-left">En este sentido, y siguiendo los lineamientos de mejora continua, se ha llevado a cabo una actualización integral del plan de estudios, en cumplimiento del marco normativo vigente y los estándares de acreditación nacional e internacional de ACBSP, ACSUG y SINEACE.</p>



<p><strong>Innovación y Competencias para el Futuro</strong></p>



<p class="has-text-align-left">El proceso de revisión curricular no solo ha contemplado la actualización e inclusión de nuevos contenidos alineados con las competencias que exige el mercado global, sino también la incorporación de experiencias formativas innovadoras. Estas incluyen el impulso del emprendimiento y el fortalecimiento de habilidades digitales a través del uso de simuladores, enriqueciendo así la formación práctica de los estudiantes.</p>



<p class="has-text-align-left">Además, se han integrado contenidos alineados con los Objetivos de Desarrollo Sostenible (ODS) y estrategias que fomentan la investigación formativa, promoviendo un aprendizaje más completo y orientado a la realidad empresarial actual.</p>



<p><strong>Cambios y Nuevas Asignaturas</strong></p>



<p class="has-text-align-left">Entre las principales modificaciones curriculares, destacan la actualización de asignaturas clave en la especialización, como:</p>



<ul class="wp-block-list">
<li><strong>Investigación, Desarrollo e Innovación</strong></li>



<li><strong>Comportamiento del Consumidor</strong></li>



<li><strong>Neuromarketing</strong></li>



<li><strong>Trade Marketing y Merchandising</strong></li>
</ul>



<p class="has-text-align-left">Asimismo, se han incorporado nuevas asignaturas que responden a las tendencias actuales del marketing y la gestión comercial, tales como:</p>



<ul class="wp-block-list">
<li><strong>Políticas de Producto</strong></li>



<li><strong>Sistemas de Información de Mercados</strong></li>



<li><strong>Políticas de Precio</strong></li>



<li><strong>Branding</strong></li>



<li><strong>E-Commerce</strong></li>



<li><strong>Dirección Comercial</strong></li>



<li><strong>Marketing Relacional</strong></li>



<li><strong>Política de Comunicaciones Integradas</strong></li>



<li><strong>Marketing Digital y Comunicación Visual</strong></li>
</ul>



<p>.</p>



<p class="has-text-align-left">Estas mejoras buscan fortalecer el perfil profesional de nuestros egresados y facilitar su inserción temprana en el mercado laboral.</p>



<p><strong>Compromiso con la Excelencia Académica</strong></p>



<p class="has-text-align-left">Con esta actualización, la Escuela de Marketing reafirma su compromiso con la formación de profesionales altamente competitivos, alineando su propuesta educativa con las demandas del contexto nacional e internacional. Este esfuerzo se enmarca en el modelo educativo de la USMP, consolidando su proyecto académico y asegurando una educación de calidad en todas sus modalidades.</p>

<p>Dr. Javier Alva GarcíaDirectorEscuela Profesional de Marketing La Escuela de Marketing realiza un seguimiento constante de la evolución de la [&hellip;]</p>
