{"id":47,"date":"2014-03-26T20:19:50","date_gmt":"2014-03-27T01:19:50","guid":{"rendered":"https:\/\/www.administracion.usmp.edu.pe\/mkt\/?page_id=47"},"modified":"2023-06-15T15:09:42","modified_gmt":"2023-06-15T20:09:42","slug":"actividades","status":"publish","type":"page","link":"https:\/\/www.administracion.usmp.edu.pe\/marketing\/actividades\/","title":{"rendered":"Actividades"},"content":{"rendered":"<p>Los estudiantes de la Escuela de Marketing, viven experiencias internacionales durante toda su carrera:<\/p>\n<p><strong>SEMINARIOS DE MARKETING<\/strong><br \/>\nEncuentro con ponentes que se realiza todos los a\u00f1os &#8211; primer semestre &#8211; y tiene como objetivo que estudiantes, conozcan de cerca experiencias de negocios de personajes a nivel internacional.<\/p>\n<p><strong>PLANA DOCENTE<\/strong><\/p>\n<p><strong>Plana docente de primer nivel<\/strong><br \/>\nContamos con docentes de amplia trayectoria acad\u00e9mica que poseen grados de maestr\u00eda y doctorado y adem\u00e1s cuentan con reconocida experiencia en marketing tradicional y digital.<\/p>\n","protected":false},"excerpt":{"rendered":"<p>Los estudiantes de la Escuela de Marketing, viven experiencias internacionales durante toda su carrera: SEMINARIOS DE MARKETING Encuentro con ponentes [&hellip;]<\/p>\n","protected":false},"author":2,"featured_media":0,"parent":0,"menu_order":0,"comment_status":"open","ping_status":"closed","template":"","meta":{"footnotes":""},"class_list":["post-47","page","type-page","status-publish","hentry"],"_links":{"self":[{"href":"https:\/\/www.administracion.usmp.edu.pe\/marketing\/wp-json\/wp\/v2\/pages\/47","targetHints":{"allow":["GET"]}}],"collection":[{"href":"https:\/\/www.administracion.usmp.edu.pe\/marketing\/wp-json\/wp\/v2\/pages"}],"about":[{"href":"https:\/\/www.administracion.usmp.edu.pe\/marketing\/wp-json\/wp\/v2\/types\/page"}],"author":[{"embeddable":true,"href":"https:\/\/www.administracion.usmp.edu.pe\/marketing\/wp-json\/wp\/v2\/users\/2"}],"replies":[{"embeddable":true,"href":"https:\/\/www.administracion.usmp.edu.pe\/marketing\/wp-json\/wp\/v2\/comments?post=47"}],"version-history":[{"count":3,"href":"https:\/\/www.administracion.usmp.edu.pe\/marketing\/wp-json\/wp\/v2\/pages\/47\/revisions"}],"predecessor-version":[{"id":1094,"href":"https:\/\/www.administracion.usmp.edu.pe\/marketing\/wp-json\/wp\/v2\/pages\/47\/revisions\/1094"}],"wp:attachment":[{"href":"https:\/\/www.administracion.usmp.edu.pe\/marketing\/wp-json\/wp\/v2\/media?parent=47"}],"curies":[{"name":"wp","href":"https:\/\/api.w.org\/{rel}","templated":true}]}}