{"id":45,"date":"2014-03-26T20:18:56","date_gmt":"2014-03-27T01:18:56","guid":{"rendered":"https:\/\/www.administracion.usmp.edu.pe\/mkt\/?page_id=45"},"modified":"2023-06-15T15:00:06","modified_gmt":"2023-06-15T20:00:06","slug":"responsabilidad-social","status":"publish","type":"page","link":"https:\/\/www.administracion.usmp.edu.pe\/marketing\/responsabilidad-social\/","title":{"rendered":"Responsabilidad Social"},"content":{"rendered":"<p>La USMP desarrolla un conjunto de acciones en el \u00e1mbito de inter\u00e9s social que realizan a nivel nacional los miembros de la comunidad universitaria. Tiene un car\u00e1cter solidario y de responsabilidad social desarrollando actividades productivas de bienes y servicios sin fines de lucro.<\/p>\n<p><strong>PRME<\/strong><\/p>\n<ul>\n<li>Los Principios para la Educaci\u00f3n en Gesti\u00f3n Responsable (Principles for Responsible Management Education \u2013 PRME) son una iniciativa del Pacto Global de las Naciones Unidas. Su objetivo es involucrar a las universidades e instituciones de educaci\u00f3n superior en un compromiso voluntario para difundir principios y valores que fomenten una gesti\u00f3n y manejo de negocios responsable con los Objetivos de Desarrollo Sostenible (ODS).<\/li>\n<\/ul>\n","protected":false},"excerpt":{"rendered":"<p>La USMP desarrolla un conjunto de acciones en el \u00e1mbito de inter\u00e9s social que realizan a nivel nacional los miembros [&hellip;]<\/p>\n","protected":false},"author":2,"featured_media":0,"parent":0,"menu_order":0,"comment_status":"open","ping_status":"closed","template":"","meta":{"footnotes":""},"class_list":["post-45","page","type-page","status-publish","hentry"],"_links":{"self":[{"href":"https:\/\/www.administracion.usmp.edu.pe\/marketing\/wp-json\/wp\/v2\/pages\/45","targetHints":{"allow":["GET"]}}],"collection":[{"href":"https:\/\/www.administracion.usmp.edu.pe\/marketing\/wp-json\/wp\/v2\/pages"}],"about":[{"href":"https:\/\/www.administracion.usmp.edu.pe\/marketing\/wp-json\/wp\/v2\/types\/page"}],"author":[{"embeddable":true,"href":"https:\/\/www.administracion.usmp.edu.pe\/marketing\/wp-json\/wp\/v2\/users\/2"}],"replies":[{"embeddable":true,"href":"https:\/\/www.administracion.usmp.edu.pe\/marketing\/wp-json\/wp\/v2\/comments?post=45"}],"version-history":[{"count":2,"href":"https:\/\/www.administracion.usmp.edu.pe\/marketing\/wp-json\/wp\/v2\/pages\/45\/revisions"}],"predecessor-version":[{"id":1087,"href":"https:\/\/www.administracion.usmp.edu.pe\/marketing\/wp-json\/wp\/v2\/pages\/45\/revisions\/1087"}],"wp:attachment":[{"href":"https:\/\/www.administracion.usmp.edu.pe\/marketing\/wp-json\/wp\/v2\/media?parent=45"}],"curies":[{"name":"wp","href":"https:\/\/api.w.org\/{rel}","templated":true}]}}