{"id":8,"date":"2014-04-08T15:29:15","date_gmt":"2014-04-08T20:29:15","guid":{"rendered":"https:\/\/www.administracion.usmp.edu.pe\/ice\/?page_id=8"},"modified":"2015-08-13T16:12:15","modified_gmt":"2015-08-13T21:12:15","slug":"nosotros","status":"publish","type":"page","link":"https:\/\/www.administracion.usmp.edu.pe\/ice\/nosotros\/","title":{"rendered":"Nosotros"},"content":{"rendered":"<h2 style=\"text-align: center;\"><strong>Antecedentes<\/strong><\/h2>\n<p>&nbsp;<\/p>\n<p><span lang=\"ES\">El panorama actual que se caracteriza por la globalizaci\u00f3n de los mercados, alta competitividad, rapidez en la respuesta a nuevas necesidades, innovaci\u00f3n tecnol\u00f3gica y cambios continuos en el entorno econ\u00f3mico, social y en las necesidades de los clientes, hacen que cada vez m\u00e1s las empresas requieran adoptar nuevas estrategias para mejorar los resultados de su gesti\u00f3n, buscando ser m\u00e1s exitosas, independientemente del sector, tama\u00f1o, estructura o madurez en el que se encuentren. En esto contribuyen los acuerdos de libre comercio que nuestro pa\u00eds viene suscribiendo y que generan para las empresas nuevos escenarios de mayor competencia.<\/span><\/p>\n<p>Hoy en d\u00eda no es suficiente aportar evidencias de los logros econ\u00f3micos obtenidos; es necesario adem\u00e1s consolidar en la organizaci\u00f3n modelos de gesti\u00f3n que aseguren que estos logros se den de manera sostenida en el tiempo, basados en la capacidad\u00a0 de conocerse a s\u00ed misma, identificando sus puntos fuertes y \u00e1reas de mejora, para desarrollar e implantar estrategias que permitan esperar tambi\u00e9n buenos resultados econ\u00f3micos en el futuro.<\/p>\n<p>En respuesta a las necesidades globales, que se manifiestan cada vez m\u00e1s en el mundo empresarial, surge la propuesta de crear una entidad que de manera pr\u00e1ctica ofrezca servicios de capacitaci\u00f3n y asistencia t\u00e9cnica en diversos frentes de actuaci\u00f3n, enmarcados dentro del concepto de gesti\u00f3n de calidad, como una v\u00eda para avanzar hacia la excelencia empresarial, contribuyendo a mejorar la gesti\u00f3n y el logro de resultados sostenidos. Esto implica lograr un compromiso real de toda la direcci\u00f3n y l\u00ednea de mando con las actividades de mejora y una activa participaci\u00f3n de todas las personas que trabajan en la empresa.<\/p>\n<p><span lang=\"ES\">\u00a0<\/span>En el \u00e1mbito acad\u00e9mico, la Universidad de San Martin de Porres enfrenta retos en diversos frentes debido a la mayor competencia generada por las nuevas universidades, que emplean estrategias basadas fundamentalmente en precio, que la obliga a mejorar\u00a0 dr\u00e1sticamente la eficiencia en sus procesos y optimizar sus costos operativos.<\/p>\n<p><span lang=\"ES\">Si bien se han iniciado diversas iniciativas orientadas a lograr la acreditaci\u00f3n de las carreras, es una necesidad instaurar modelos de gesti\u00f3n que bajo los principios de calidad, consoliden una cultura de calidad que garantice y sea el soporte para alcanzar los resultados esperados de estas iniciativas.<\/span><\/p>\n<p><span lang=\"ES\">\u00a0<\/span>En l\u00ednea con esta orientaci\u00f3n estrat\u00e9gica uno de los valores es la b\u00fasqueda de la excelencia y el instrumento para la medici\u00f3n del grado de avance ser\u00e1n los criterios considerados en el Modelo de Excelencia Malcolm Baldrige. Asimismo se ha definido como factores cr\u00edticos de \u00e9xito la calidad de servicio, calidad de docentes, calidad de investigaci\u00f3n y calidad de los cuadros directivos.<\/p>\n","protected":false},"excerpt":{"rendered":"<p>Antecedentes &nbsp; El panorama actual que se caracteriza por la globalizaci\u00f3n de los mercados, alta competitividad, rapidez en la respuesta [&hellip;]<\/p>\n","protected":false},"author":2,"featured_media":0,"parent":0,"menu_order":0,"comment_status":"open","ping_status":"open","template":"page-menu_izquierda-padre.php","meta":{"_acf_changed":false,"footnotes":""},"class_list":["post-8","page","type-page","status-publish","hentry"],"acf":[],"_links":{"self":[{"href":"https:\/\/www.administracion.usmp.edu.pe\/ice\/wp-json\/wp\/v2\/pages\/8","targetHints":{"allow":["GET"]}}],"collection":[{"href":"https:\/\/www.administracion.usmp.edu.pe\/ice\/wp-json\/wp\/v2\/pages"}],"about":[{"href":"https:\/\/www.administracion.usmp.edu.pe\/ice\/wp-json\/wp\/v2\/types\/page"}],"author":[{"embeddable":true,"href":"https:\/\/www.administracion.usmp.edu.pe\/ice\/wp-json\/wp\/v2\/users\/2"}],"replies":[{"embeddable":true,"href":"https:\/\/www.administracion.usmp.edu.pe\/ice\/wp-json\/wp\/v2\/comments?post=8"}],"version-history":[{"count":6,"href":"https:\/\/www.administracion.usmp.edu.pe\/ice\/wp-json\/wp\/v2\/pages\/8\/revisions"}],"predecessor-version":[{"id":699,"href":"https:\/\/www.administracion.usmp.edu.pe\/ice\/wp-json\/wp\/v2\/pages\/8\/revisions\/699"}],"wp:attachment":[{"href":"https:\/\/www.administracion.usmp.edu.pe\/ice\/wp-json\/wp\/v2\/media?parent=8"}],"curies":[{"name":"wp","href":"https:\/\/api.w.org\/{rel}","templated":true}]}}