{"id":643,"date":"2015-08-11T12:10:12","date_gmt":"2015-08-11T17:10:12","guid":{"rendered":"https:\/\/www.administracion.usmp.edu.pe\/ice\/?page_id=643"},"modified":"2022-10-11T12:04:02","modified_gmt":"2022-10-11T17:04:02","slug":"comite-de-responsabilidad-social-usmp","status":"publish","type":"page","link":"https:\/\/www.administracion.usmp.edu.pe\/ice\/actividades-nivel-interno\/responsabilidad-social-empresarial\/comite-de-responsabilidad-social-usmp\/","title":{"rendered":"Comit\u00e9 de Responsabilidad Social USMP"},"content":{"rendered":"<h3><span style=\"color: #800000;\"><strong>Lineamientos Generales: <\/strong><\/span><\/h3>\n<h4>\u00a0<span style=\"color: #800000;\"><strong>Antecedentes<\/strong><\/span><\/h4>\n<p>En 2011 la USMP se incorpor\u00f3 a la Red Ambiental Interuniversitaria (RAI) \u2013 promovida por el Ministerio del Ambiente, a trav\u00e9s de su Direcci\u00f3n General de Educaci\u00f3n, Cultura y Ciudadan\u00eda Ambiental\u2013,que agrupa a una comunidad de entidades educativas con una finalidad en com\u00fan: profundizar y optimizar la apropiaci\u00f3n e integraci\u00f3n de la dimensi\u00f3n ambiental en todas las universidades del pa\u00eds.<\/p>\n<p>Por cinco a\u00f1os consecutivos (2012, 2013, 2014, 2015-2016, 2016-2017), hemos obtenido el Distintivo Empresa Socialmente Responsable que otorga Per\u00fa 2021, una asociaci\u00f3n civil impulsora del buen actuar de las organizaciones en favor del progreso del pa\u00eds. Este reconocimiento acredita el haber asumido, voluntaria y p\u00fablicamente, el compromiso de una gesti\u00f3n socialmente responsable como parte de nuestra cultura y estrategia.<\/p>\n<h4><strong>\u00a0<\/strong><span style=\"color: #800000;\"><strong>\u00bfQu\u00e9 es el Comit\u00e9 de Responsabilidad Social?<\/strong><\/span><\/h4>\n<p>El Comit\u00e9 de Responsabilidad Social es un grupo interdisciplinario conformado por representantes de las diversas Facultades e Institutos de la Universidad de San Martin de Porres\u00a0 que direcciona y trabaja el proceso de mejoramiento continuo en materia de Responsabilidad Social.<\/p>\n<h4>\u00a0<span style=\"color: #800000;\"><strong>Objetivos:<\/strong><\/span><\/h4>\n<ul>\n<li>Integrar todas las acciones de Responsabilidad Social como estrategia a nivel de toda la Universidad.<\/li>\n<li>Promover la incorporaci\u00f3n de la Dimensi\u00f3n Ambiental en la gesti\u00f3n universitaria.<\/li>\n<\/ul>\n<h4><span style=\"color: #800000;\"><strong>Funciones del Comit\u00e9 de Responsabilidad Social<\/strong><\/span><\/h4>\n<ul>\n<li>Gestionar la estrategia de la Universidad en Responsabilidad Social y Gesti\u00f3n Ambiental que integre las actividades de todas las facultades e institutos de la USMP.<\/li>\n<li>Incorporar en la gesti\u00f3n las Pol\u00edticas Ambiental y de Responsabilidad Social, as\u00ed como proponer su modificaci\u00f3n y actualizaci\u00f3n a Rectorado.<\/li>\n<li>Apoyar en temas Ambientales y de Responsabilidad Social, tratados en las diversas acreditaciones con las que cuentas nuestras Facultades de la USMP.<\/li>\n<li>Gestionar la elaboraci\u00f3n el Reporte de Sostenibilidad USMP.<\/li>\n<li>Promover el desarrollo de los principios del PRME para una educaci\u00f3n responsable en gesti\u00f3n.<\/li>\n<li>Apoyar a las \u00e1reas acad\u00e9micas en la incorporaci\u00f3n de la dimensi\u00f3n ambiental en los planes de estudio.<\/li>\n<li>Promover el desarrollo de investigaciones en materia Ambiental y Responsabilidad Social.<\/li>\n<li>Revisar y analizar las expectativas de los grupos de inter\u00e9s.<\/li>\n<li>Conocer, impulsar, orientar y supervisar la actuaci\u00f3n de la comunidad universitaria en materia de Responsabilidad Social y Gesti\u00f3n Ambiental.<\/li>\n<li>Establecer acciones sociales como parte del desarrollo de la extensi\u00f3n universitaria.<\/li>\n<\/ul>\n<h4><span style=\"color: #800000;\"><strong>Alcance:<\/strong><\/span><\/h4>\n<p><em>\u00a0<\/em><strong>L\u00edneas de Acci\u00f3n<\/strong><strong>\u00a0<\/strong><\/p>\n<ul>\n<li><strong>Investigaci\u00f3n: <\/strong>\n<ul>\n<li>Propiciar investigaciones enmarcada en el tema socio ambienta.<\/li>\n<li>Investigaci\u00f3n basada en el desarrollo de buenas pr\u00e1cticas socio ambientales.<\/li>\n<\/ul>\n<\/li>\n<li><strong>Formaci\u00f3n: <\/strong>\n<ul>\n<li>Inclusi\u00f3n de asignaturas y oferta de programas<\/li>\n<\/ul>\n<\/li>\n<li><strong>Extensi\u00f3n Social: <\/strong>\n<ul>\n<li>Desarrollo de proyectos comunitarios en materia socio ambiental.<\/li>\n<li>Voluntariado Universitario.<\/li>\n<\/ul>\n<\/li>\n<li><strong>Gesti\u00f3n: <\/strong>\n<ul>\n<li>Incorporaci\u00f3n de pr\u00e1cticas de gesti\u00f3n socio ambiental en la conducci\u00f3n de la instituci\u00f3n.<\/li>\n<li>Sensibilizaci\u00f3n a todos los grupos de inter\u00e9s, sobra la preocupaci\u00f3n socio ambiental<\/li>\n<li>Suscripci\u00f3n y mantenimiento de acuerdos locales y globales<\/li>\n<\/ul>\n<\/li>\n<\/ul>\n<p><strong>\u00a0<\/strong><\/p>\n<h4><span style=\"color: #800000;\"><strong>Beneficios: <\/strong><\/span><\/h4>\n<p><strong>\u00a0<\/strong><\/p>\n<ul>\n<li>Definir acciones en conjunto en pro de la difusi\u00f3n de la estrategia en materia de responsabilidad social.<\/li>\n<li>Establecer ejes sobre los cuales la USMP delimite su campo de acci\u00f3n.<\/li>\n<li>Brindar apoyo en el marco de la incorporaci\u00f3n de la variable ambiental y de la responsabilidad social en la gesti\u00f3n universitaria.<\/li>\n<\/ul>\n<p><strong>\u00a0<\/strong><\/p>\n<h4><span style=\"color: #800000;\"><strong>Logros:<\/strong><\/span><\/h4>\n<ul>\n<li>Obtenci\u00f3n del Distintivo de Empresa Socialmente Responsable por quinto a\u00f1o consecutivo.<\/li>\n<li>\u00danica universidad a nivel nacional y\u00a0 la 3ra a nivel latinoamericano que logr\u00f3 medir y compensar su huella de carbono<\/li>\n<li>Una de las 4 primeras universidades a nivel nacional que reportan ante el PRME de manera voluntaria<\/li>\n<li>Integrar el equipo coordinador de universidades a nivel pa\u00eds en conjunto con la PUCP, UPCH, UNA, para la RAI<\/li>\n<\/ul>\n<h4><span style=\"color: #800000;\"><strong>Documentos:<\/strong><\/span><\/h4>\n<ul>\n<li><a href=\"https:\/\/www.administracion.usmp.edu.pe\/ice\/wp-content\/uploads\/sites\/16\/2022\/10\/Declaracion-de-Politica-Ambiental.pdf\" target=\"_blank\" rel=\"noopener\">Declaraci\u00f3n de la Pol\u00edtica Ambiental<\/a><\/li>\n<li><a href=\"https:\/\/www.administracion.usmp.edu.pe\/ice\/wp-content\/uploads\/sites\/16\/2022\/10\/626-2022-CU-R-USMP-POLITICA-DE-RESPONSABILIDAD-SOCIAL-UNIVERSITARIA-COMITE-RESP-SOCIAL-aprobado-por-el-Ing.-Chang.pdf\" target=\"_blank\" rel=\"noopener\">Pol\u00edtica de Responsabilidad Social Universitaria<\/a><\/li>\n<\/ul>\n<p><strong><img loading=\"lazy\" decoding=\"async\" class=\"aligncenter size-full wp-image-940\" src=\"https:\/\/www.administracion.usmp.edu.pe\/ice\/wp-content\/uploads\/sites\/16\/2015\/08\/rse-central.jpg\" alt=\"rse-central\" width=\"1000\" height=\"522\" srcset=\"https:\/\/www.administracion.usmp.edu.pe\/ice\/wp-content\/uploads\/sites\/16\/2015\/08\/rse-central.jpg 1000w, https:\/\/www.administracion.usmp.edu.pe\/ice\/wp-content\/uploads\/sites\/16\/2015\/08\/rse-central-768x401.jpg 768w\" sizes=\"auto, (max-width: 1000px) 100vw, 1000px\" \/><\/strong><\/p>\n","protected":false},"excerpt":{"rendered":"<p>Lineamientos Generales: \u00a0Antecedentes En 2011 la USMP se incorpor\u00f3 a la Red Ambiental Interuniversitaria (RAI) \u2013 promovida por el Ministerio [&hellip;]<\/p>\n","protected":false},"author":70,"featured_media":0,"parent":102,"menu_order":0,"comment_status":"open","ping_status":"open","template":"page-menu_izquierda-hijo.php","meta":{"_acf_changed":false,"footnotes":""},"class_list":["post-643","page","type-page","status-publish","hentry"],"acf":[],"_links":{"self":[{"href":"https:\/\/www.administracion.usmp.edu.pe\/ice\/wp-json\/wp\/v2\/pages\/643","targetHints":{"allow":["GET"]}}],"collection":[{"href":"https:\/\/www.administracion.usmp.edu.pe\/ice\/wp-json\/wp\/v2\/pages"}],"about":[{"href":"https:\/\/www.administracion.usmp.edu.pe\/ice\/wp-json\/wp\/v2\/types\/page"}],"author":[{"embeddable":true,"href":"https:\/\/www.administracion.usmp.edu.pe\/ice\/wp-json\/wp\/v2\/users\/70"}],"replies":[{"embeddable":true,"href":"https:\/\/www.administracion.usmp.edu.pe\/ice\/wp-json\/wp\/v2\/comments?post=643"}],"version-history":[{"count":2,"href":"https:\/\/www.administracion.usmp.edu.pe\/ice\/wp-json\/wp\/v2\/pages\/643\/revisions"}],"predecessor-version":[{"id":1008,"href":"https:\/\/www.administracion.usmp.edu.pe\/ice\/wp-json\/wp\/v2\/pages\/643\/revisions\/1008"}],"up":[{"embeddable":true,"href":"https:\/\/www.administracion.usmp.edu.pe\/ice\/wp-json\/wp\/v2\/pages\/102"}],"wp:attachment":[{"href":"https:\/\/www.administracion.usmp.edu.pe\/ice\/wp-json\/wp\/v2\/media?parent=643"}],"curies":[{"name":"wp","href":"https:\/\/api.w.org\/{rel}","templated":true}]}}