{"id":622,"date":"2015-08-10T01:49:39","date_gmt":"2015-08-10T06:49:39","guid":{"rendered":"https:\/\/www.administracion.usmp.edu.pe\/ice\/?page_id=622"},"modified":"2015-08-13T17:11:46","modified_gmt":"2015-08-13T22:11:46","slug":"small-business-development-center-sbdc","status":"publish","type":"page","link":"https:\/\/www.administracion.usmp.edu.pe\/ice\/actividades-nivel-externo\/asistencia-tecnica\/small-business-development-center-sbdc\/","title":{"rendered":"Small Bussiness Development Center &#8211; SBDC"},"content":{"rendered":"<h3><span style=\"color: #800000;\"><strong>Lineamientos Generales:<\/strong><\/span><\/h3>\n<p>Como producto de un trabajo de cooperaci\u00f3n desarrollado con la participaci\u00f3n de PRODUCE y la Universidad de Texas (USA), fue creado el programa denominado Centro de Desarrollo Empresarial para PYMES (Small Business Development Center &#8211; SBDC) de la Universidad de San Martin de Porres.<\/p>\n<p>\u00c9ste modelo de gesti\u00f3n es el primero en el pa\u00eds y busca brindar asesor\u00eda t\u00e9cnica a las MIPYMES, mediante la aplicaci\u00f3n de\u00a0 metodolog\u00edas de gesti\u00f3n y el acompa\u00f1amiento de un consultor especializado y permite a las empresas participar en actividades como:<\/p>\n<p>&nbsp;<\/p>\n<ul>\n<li>Nuevo negocio: desarrollar talleres din\u00e1micos con la metodolog\u00eda CEFE para validar las ideas de negocio.<\/li>\n<li>Desarrollo de plan de negocio: capacitar a los participantes en el desarrollo de planes de negocio y evaluar la viabilidad de nuevos proyectos.<\/li>\n<li>Cliente SBDC: apoyar y asesorar a los participantes para la implementaci\u00f3n de su plan de negocio y monitoreados por el SBDC para el cumplimiento de sus objetivos.<\/li>\n<li>Asistencia para obtener nuevo financiamiento: asesorar para presentar planes de financiamiento y desarrollar alianzas estrat\u00e9gicas con otros clientes del SBDC.<\/li>\n<li>Mejora de procesos: asesorar a las MIPYME establecidas en la optimizaci\u00f3n de sus procesos, reduciendo defectos y costos de mala calidad e incrementando la rentabilidad de su negocio.<\/li>\n<li>Asistencia para exportar: capacitar a los participantes para desarrollar productos y servicios con alto valor agregado, capacitaci\u00f3n en la log\u00edstica del comercio internacional.<\/li>\n<\/ul>\n<h3><span style=\"color: #800000;\"><strong>Objetivos:<\/strong><\/span><\/h3>\n<p>As\u00ed tambi\u00e9n, el SBDC\u00a0 brinda las siguientes asesor\u00edas:<\/p>\n<ul>\n<li>Brindar asesor\u00eda t\u00e9cnica especializada a la MIPYME para apoyar su crecimiento empresarial.<\/li>\n<li>Brindar asesor\u00eda t\u00e9cnica para la creaci\u00f3n e implementaci\u00f3n de nuevos negocios.<\/li>\n<li>Brindar servicio de capacitaci\u00f3n operacional a las MIPYME en \u00e1reas de administraci\u00f3n y finanzas, marketing, operaciones, recursos humanos y finanzas.<\/li>\n<\/ul>\n<p>&nbsp;<\/p>\n<p>&nbsp;<\/p>\n<h3><span style=\"color: #800000;\"><strong>Actividades \/ Metodolog\u00eda:<\/strong><\/span><\/h3>\n<p>&nbsp;<\/p>\n<p><strong><a href=\"https:\/\/www.administracion.usmp.edu.pe\/ice\/wp-content\/uploads\/sites\/16\/2015\/08\/screenshot.35.jpg\"><img loading=\"lazy\" decoding=\"async\" class=\"aligncenter  wp-image-623\" src=\"https:\/\/www.administracion.usmp.edu.pe\/ice\/wp-content\/uploads\/sites\/16\/2015\/08\/screenshot.35.jpg\" alt=\"screenshot.35\" width=\"559\" height=\"194\" \/><\/a><\/strong><\/p>\n<p>&nbsp;<\/p>\n<p>&nbsp;<\/p>\n<p><strong><a href=\"https:\/\/www.administracion.usmp.edu.pe\/ice\/wp-content\/uploads\/sites\/16\/2015\/08\/screenshot.36.jpg\"><img loading=\"lazy\" decoding=\"async\" class=\"aligncenter size-full wp-image-624\" src=\"https:\/\/www.administracion.usmp.edu.pe\/ice\/wp-content\/uploads\/sites\/16\/2015\/08\/screenshot.36.jpg\" alt=\"screenshot.36\" width=\"587\" height=\"228\" \/><\/a><\/strong><\/p>\n<p>&nbsp;<\/p>\n<h3>\u00a0<\/h3>\n","protected":false},"excerpt":{"rendered":"<p>Lineamientos Generales: Como producto de un trabajo de cooperaci\u00f3n desarrollado con la participaci\u00f3n de PRODUCE y la Universidad de Texas [&hellip;]<\/p>\n","protected":false},"author":70,"featured_media":0,"parent":205,"menu_order":0,"comment_status":"open","ping_status":"open","template":"page-menu_izquierda-hijo.php","meta":{"_acf_changed":false,"footnotes":""},"class_list":["post-622","page","type-page","status-publish","hentry"],"acf":[],"_links":{"self":[{"href":"https:\/\/www.administracion.usmp.edu.pe\/ice\/wp-json\/wp\/v2\/pages\/622","targetHints":{"allow":["GET"]}}],"collection":[{"href":"https:\/\/www.administracion.usmp.edu.pe\/ice\/wp-json\/wp\/v2\/pages"}],"about":[{"href":"https:\/\/www.administracion.usmp.edu.pe\/ice\/wp-json\/wp\/v2\/types\/page"}],"author":[{"embeddable":true,"href":"https:\/\/www.administracion.usmp.edu.pe\/ice\/wp-json\/wp\/v2\/users\/70"}],"replies":[{"embeddable":true,"href":"https:\/\/www.administracion.usmp.edu.pe\/ice\/wp-json\/wp\/v2\/comments?post=622"}],"version-history":[{"count":5,"href":"https:\/\/www.administracion.usmp.edu.pe\/ice\/wp-json\/wp\/v2\/pages\/622\/revisions"}],"predecessor-version":[{"id":709,"href":"https:\/\/www.administracion.usmp.edu.pe\/ice\/wp-json\/wp\/v2\/pages\/622\/revisions\/709"}],"up":[{"embeddable":true,"href":"https:\/\/www.administracion.usmp.edu.pe\/ice\/wp-json\/wp\/v2\/pages\/205"}],"wp:attachment":[{"href":"https:\/\/www.administracion.usmp.edu.pe\/ice\/wp-json\/wp\/v2\/media?parent=622"}],"curies":[{"name":"wp","href":"https:\/\/api.w.org\/{rel}","templated":true}]}}