{"id":510,"date":"2015-07-03T12:09:24","date_gmt":"2015-07-03T17:09:24","guid":{"rendered":"https:\/\/www.administracion.usmp.edu.pe\/ice\/?page_id=510"},"modified":"2015-08-07T14:54:48","modified_gmt":"2015-08-07T19:54:48","slug":"metodologia-de-solucion-de-problemas-en-7-pasos","status":"publish","type":"page","link":"https:\/\/www.administracion.usmp.edu.pe\/ice\/actividades-nivel-externo\/capacitaciones\/metodologia-de-solucion-de-problemas-en-7-pasos\/","title":{"rendered":"Metodolog\u00eda de soluci\u00f3n de problemas en 7 pasos"},"content":{"rendered":"<p>\u00a0\u201cMetodolog\u00eda de Mejora Continua en 7 pasos\u201d, ha ayudado a muchas compa\u00f1\u00edas a mejorar sus procesos e incrementar su rentabilidad, utilizando para ello herramientas b\u00e1sicas de calidad, f\u00e1cil de emplear por los colaboradores de la empresa.<\/p>\n<p>\u00a0Actualmente es considerada una herramienta estrat\u00e9gica que conduce a mejora continua y b\u00fasqueda de la eficiencia de cada proceso en el \u00e1rea.<\/p>\n<p><strong>Objetivo general:<\/strong><\/p>\n<p>&nbsp;<\/p>\n<p>A trav\u00e9s del curso el participante conocer\u00e1 los conceptos de la Metodolog\u00eda Soluci\u00f3n de Problemas y las principales herramientas de calidad empleadas en cada paso, as\u00ed tambi\u00e9n, aplciara la metodolog\u00eda a un caso empresarial donde comprender\u00e1 la importancia de los elementos clave en los procesos.<\/p>\n<p>\u00a0<strong>Temario:<\/strong><\/p>\n<p>\u00a0Introducci\u00f3n a la Metodolog\u00eda<\/p>\n<ol>\n<li>Paso 1: Identificar el problema<\/li>\n<li>Paso 2: Cuantificar y clarificar el problema<\/li>\n<li>Paso 3: An\u00e1lisis de causas ra\u00edces<\/li>\n<li>Paso 4: Establecimiento de metas<\/li>\n<li>Paso 5: Dise\u00f1o de soluciones<\/li>\n<li>Paso 6: Implantaci\u00f3n de soluciones y evaluaci\u00f3n de resultados<\/li>\n<li>Paso 7: acciones de garant\u00eda.<\/li>\n<\/ol>\n<p>&nbsp;<\/p>\n<p>&nbsp;<\/p>\n<table>\n<tbody>\n<tr>\n<td style=\"width: 147px; background-color: #990033;\" width=\"147\">\n<p><span style=\"color: #ffffff;\"><strong>Duraci\u00f3n:<\/strong><\/span><\/p>\n<\/td>\n<td width=\"442\">\n<p>16 horas.<\/p>\n<\/td>\n<\/tr>\n<tr>\n<td style=\"width: 147px; background-color: #990033;\" width=\"147\">\n<p><span style=\"color: #ffffff;\"><strong>Metodolog\u00eda:<\/strong><\/span><\/p>\n<\/td>\n<td width=\"442\">\n<p>Exposici\u00f3n interactiva, con talleres que promueven la participaci\u00f3n del asistente.<\/p>\n<p>Aplicaci\u00f3n de metodolog\u00eda en caso pr\u00e1ctico<\/p>\n<\/td>\n<\/tr>\n<\/tbody>\n<\/table>\n<p>&nbsp;<\/p>\n<p><strong>Dirigido a:<\/strong><\/p>\n<p>Gerentes, funcionarios ejecutivos y profesionales de diferentes \u00e1reas de calidad o \u00e1reas que est\u00e9n involucrados en proyectos de mejora continua dentro de sus organizaciones.<\/p>\n<p>&nbsp;<\/p>\n<p><strong>Expositores:<\/strong><\/p>\n<p>Especialista en la Metodolog\u00eda de Mejora Continua, con amplia experiencia en la implementaci\u00f3n de proyectos a nivel nacional e internacional.<\/p>\n<p>&nbsp;<\/p>\n<p><strong>Costo referencial:<\/strong><\/p>\n<p>S\/ 640<\/p>\n<p>&nbsp;<\/p>\n<p><strong>Fecha:<\/strong><\/p>\n<p>Mayo 22 &#8211; 23<\/p>\n<p>Junio 5 &#8211; 6<\/p>\n<p>&nbsp;<\/p>\n<p>&nbsp;<\/p>\n","protected":false},"excerpt":{"rendered":"<p>\u00a0\u201cMetodolog\u00eda de Mejora Continua en 7 pasos\u201d, ha ayudado a muchas compa\u00f1\u00edas a mejorar sus procesos e incrementar su rentabilidad, [&hellip;]<\/p>\n","protected":false},"author":70,"featured_media":0,"parent":232,"menu_order":0,"comment_status":"open","ping_status":"closed","template":"page-menu_izquierda-hijo.php","meta":{"_acf_changed":false,"footnotes":""},"class_list":["post-510","page","type-page","status-publish","hentry"],"acf":[],"_links":{"self":[{"href":"https:\/\/www.administracion.usmp.edu.pe\/ice\/wp-json\/wp\/v2\/pages\/510","targetHints":{"allow":["GET"]}}],"collection":[{"href":"https:\/\/www.administracion.usmp.edu.pe\/ice\/wp-json\/wp\/v2\/pages"}],"about":[{"href":"https:\/\/www.administracion.usmp.edu.pe\/ice\/wp-json\/wp\/v2\/types\/page"}],"author":[{"embeddable":true,"href":"https:\/\/www.administracion.usmp.edu.pe\/ice\/wp-json\/wp\/v2\/users\/70"}],"replies":[{"embeddable":true,"href":"https:\/\/www.administracion.usmp.edu.pe\/ice\/wp-json\/wp\/v2\/comments?post=510"}],"version-history":[{"count":5,"href":"https:\/\/www.administracion.usmp.edu.pe\/ice\/wp-json\/wp\/v2\/pages\/510\/revisions"}],"predecessor-version":[{"id":594,"href":"https:\/\/www.administracion.usmp.edu.pe\/ice\/wp-json\/wp\/v2\/pages\/510\/revisions\/594"}],"up":[{"embeddable":true,"href":"https:\/\/www.administracion.usmp.edu.pe\/ice\/wp-json\/wp\/v2\/pages\/232"}],"wp:attachment":[{"href":"https:\/\/www.administracion.usmp.edu.pe\/ice\/wp-json\/wp\/v2\/media?parent=510"}],"curies":[{"name":"wp","href":"https:\/\/api.w.org\/{rel}","templated":true}]}}