{"id":209,"date":"2014-04-25T14:04:43","date_gmt":"2014-04-25T19:04:43","guid":{"rendered":"https:\/\/www.administracion.usmp.edu.pe\/ice\/?page_id=209"},"modified":"2014-04-25T14:04:43","modified_gmt":"2014-04-25T19:04:43","slug":"acreditaciones","status":"publish","type":"page","link":"https:\/\/www.administracion.usmp.edu.pe\/ice\/actividades-nivel-externo\/acreditaciones\/","title":{"rendered":"Acreditaciones"},"content":{"rendered":"<p>Teniendo en cuenta la necesidad de consolidar en el pa\u00eds un esquema de Acreditaci\u00f3n en Calidad, que siga los patrones acad\u00e9micos, que aun no existe en este campo, el Instituto para la calidad Empresarial implementar\u00e1 un esquema de acreditaciones para:<\/p>\n<ul>\n<li>Expertos en gesti\u00f3n Avanzada de Calidad<\/li>\n<li><span>Green Belts<\/span><\/li>\n<li><span>Black Belts<\/span><\/li>\n<li><span>Master Black Belts<\/span><\/li>\n<li><span>Otros<\/span><\/li>\n<\/ul>\n<p>&nbsp;<\/p>\n","protected":false},"excerpt":{"rendered":"<p>Teniendo en cuenta la necesidad de consolidar en el pa\u00eds un esquema de Acreditaci\u00f3n en Calidad, que siga los patrones [&hellip;]<\/p>\n","protected":false},"author":2,"featured_media":0,"parent":144,"menu_order":0,"comment_status":"open","ping_status":"open","template":"page-menu_izquierda-hijo.php","meta":{"_acf_changed":false,"footnotes":""},"class_list":["post-209","page","type-page","status-publish","hentry"],"acf":[],"_links":{"self":[{"href":"https:\/\/www.administracion.usmp.edu.pe\/ice\/wp-json\/wp\/v2\/pages\/209","targetHints":{"allow":["GET"]}}],"collection":[{"href":"https:\/\/www.administracion.usmp.edu.pe\/ice\/wp-json\/wp\/v2\/pages"}],"about":[{"href":"https:\/\/www.administracion.usmp.edu.pe\/ice\/wp-json\/wp\/v2\/types\/page"}],"author":[{"embeddable":true,"href":"https:\/\/www.administracion.usmp.edu.pe\/ice\/wp-json\/wp\/v2\/users\/2"}],"replies":[{"embeddable":true,"href":"https:\/\/www.administracion.usmp.edu.pe\/ice\/wp-json\/wp\/v2\/comments?post=209"}],"version-history":[{"count":1,"href":"https:\/\/www.administracion.usmp.edu.pe\/ice\/wp-json\/wp\/v2\/pages\/209\/revisions"}],"predecessor-version":[{"id":212,"href":"https:\/\/www.administracion.usmp.edu.pe\/ice\/wp-json\/wp\/v2\/pages\/209\/revisions\/212"}],"up":[{"embeddable":true,"href":"https:\/\/www.administracion.usmp.edu.pe\/ice\/wp-json\/wp\/v2\/pages\/144"}],"wp:attachment":[{"href":"https:\/\/www.administracion.usmp.edu.pe\/ice\/wp-json\/wp\/v2\/media?parent=209"}],"curies":[{"name":"wp","href":"https:\/\/api.w.org\/{rel}","templated":true}]}}