{"id":19,"date":"2014-04-08T17:33:57","date_gmt":"2014-04-08T22:33:57","guid":{"rendered":"https:\/\/www.administracion.usmp.edu.pe\/ice\/?page_id=19"},"modified":"2014-04-08T17:37:24","modified_gmt":"2014-04-08T22:37:24","slug":"beneficios-universidad","status":"publish","type":"page","link":"https:\/\/www.administracion.usmp.edu.pe\/ice\/nosotros\/beneficios-universidad\/","title":{"rendered":"Beneficios para la universidad"},"content":{"rendered":"<p>La creaci\u00f3n del Instituto para la Calidad Empresarial favorecer\u00e1 la obtenci\u00f3n de los siguientes beneficios para la Universidad:<\/p>\n<p>&nbsp;<\/p>\n<ol style=\"list-style-type: lower-alpha;\">\n<li><b>Institucionales:<\/b> Permitir\u00e1 un mayor acercamiento con el sector empresarial, de manera directa a trav\u00e9s del lanzamiento del Instituto para la Calidad Empresarial con un programa estructurado de 3 a\u00f1os en apoyo a 700 Pymes, implementando en 70 de ellas la metodolog\u00eda Lean Six Sigma<\/li>\n<li><b>Acad\u00e9micos:<\/b> Se formar\u00e1n profesionales de la USMP en nuevas metodolog\u00edas \u00a0que ser\u00e1n parte de los cursos de capacitaci\u00f3n que imparta la USMP, adquiriendo un nuevo know how, contribuyendo al desarrollo profesional de nuestros docentes<\/li>\n<li><b style=\"line-height: 1.5em;\">Servicios:<\/b><span style=\"line-height: 1.5em;\"> Se crear\u00e1n \u00a0l\u00edneas de servicios de capacitaci\u00f3n y consultor\u00eda en apoyo al desarrollo Empresarial, que ser\u00e1n complementados adem\u00e1s con \u00a0nuevos servicios de acreditaci\u00f3n<\/span><\/li>\n<li><b style=\"line-height: 1.5em;\">Imagen:<\/b><span style=\"line-height: 1.5em;\"> Contribuir\u00e1 a posicionar a la USMP a trav\u00e9s del Instituto para la Calidad Empresarial en sectores \u00a0prioritarios para el pa\u00eds (Pymes y otros)<\/span><\/li>\n<\/ol>\n","protected":false},"excerpt":{"rendered":"<p>La creaci\u00f3n del Instituto para la Calidad Empresarial favorecer\u00e1 la obtenci\u00f3n de los siguientes beneficios para la Universidad: &nbsp; Institucionales: [&hellip;]<\/p>\n","protected":false},"author":2,"featured_media":0,"parent":8,"menu_order":4,"comment_status":"open","ping_status":"open","template":"page-menu_izquierda-hijo.php","meta":{"_acf_changed":false,"footnotes":""},"class_list":["post-19","page","type-page","status-publish","hentry"],"acf":[],"_links":{"self":[{"href":"https:\/\/www.administracion.usmp.edu.pe\/ice\/wp-json\/wp\/v2\/pages\/19","targetHints":{"allow":["GET"]}}],"collection":[{"href":"https:\/\/www.administracion.usmp.edu.pe\/ice\/wp-json\/wp\/v2\/pages"}],"about":[{"href":"https:\/\/www.administracion.usmp.edu.pe\/ice\/wp-json\/wp\/v2\/types\/page"}],"author":[{"embeddable":true,"href":"https:\/\/www.administracion.usmp.edu.pe\/ice\/wp-json\/wp\/v2\/users\/2"}],"replies":[{"embeddable":true,"href":"https:\/\/www.administracion.usmp.edu.pe\/ice\/wp-json\/wp\/v2\/comments?post=19"}],"version-history":[{"count":4,"href":"https:\/\/www.administracion.usmp.edu.pe\/ice\/wp-json\/wp\/v2\/pages\/19\/revisions"}],"predecessor-version":[{"id":39,"href":"https:\/\/www.administracion.usmp.edu.pe\/ice\/wp-json\/wp\/v2\/pages\/19\/revisions\/39"}],"up":[{"embeddable":true,"href":"https:\/\/www.administracion.usmp.edu.pe\/ice\/wp-json\/wp\/v2\/pages\/8"}],"wp:attachment":[{"href":"https:\/\/www.administracion.usmp.edu.pe\/ice\/wp-json\/wp\/v2\/media?parent=19"}],"curies":[{"name":"wp","href":"https:\/\/api.w.org\/{rel}","templated":true}]}}