{"id":144,"date":"2014-04-14T19:05:45","date_gmt":"2014-04-15T00:05:45","guid":{"rendered":"https:\/\/www.administracion.usmp.edu.pe\/ice\/?page_id=144"},"modified":"2014-04-25T14:05:24","modified_gmt":"2014-04-25T19:05:24","slug":"actividades-nivel-externo","status":"publish","type":"page","link":"https:\/\/www.administracion.usmp.edu.pe\/ice\/actividades-nivel-externo\/","title":{"rendered":"Actividades a nivel externo"},"content":{"rendered":"<p>A nivel externo las actividades o servicios que oferte el ICE estar\u00e1n comprendidas dentro de lo siguiente:<\/p>\n<p>&nbsp;<\/p>\n<h3><span style=\"color: #990033;\"><b>Capacitaci\u00f3n <\/b><\/span><\/h3>\n<p>&nbsp;<\/p>\n<p>La capacitaci\u00f3n que brindar\u00e1 el ICE tendr\u00e1 las caracter\u00edsticas de un Programa Avanzado en Gesti\u00f3n de la Calidad, dirigido a profesionales del sector p\u00fablico y privado.<\/p>\n<p>&nbsp;<\/p>\n<p>El programa se caracterizar\u00e1 por su alta calidad acad\u00e9mica y su orientaci\u00f3n a la obtenci\u00f3n de resultados concretos que garanticen y verifiquen el beneficio del proceso de aprendizaje.<\/p>\n<p>&nbsp;<\/p>\n","protected":false},"excerpt":{"rendered":"<p>A nivel externo las actividades o servicios que oferte el ICE estar\u00e1n comprendidas dentro de lo siguiente: &nbsp; Capacitaci\u00f3n &nbsp; [&hellip;]<\/p>\n","protected":false},"author":2,"featured_media":0,"parent":0,"menu_order":0,"comment_status":"open","ping_status":"open","template":"page-menu_izquierda-padre.php","meta":{"_acf_changed":false,"footnotes":""},"class_list":["post-144","page","type-page","status-publish","hentry"],"acf":[],"_links":{"self":[{"href":"https:\/\/www.administracion.usmp.edu.pe\/ice\/wp-json\/wp\/v2\/pages\/144","targetHints":{"allow":["GET"]}}],"collection":[{"href":"https:\/\/www.administracion.usmp.edu.pe\/ice\/wp-json\/wp\/v2\/pages"}],"about":[{"href":"https:\/\/www.administracion.usmp.edu.pe\/ice\/wp-json\/wp\/v2\/types\/page"}],"author":[{"embeddable":true,"href":"https:\/\/www.administracion.usmp.edu.pe\/ice\/wp-json\/wp\/v2\/users\/2"}],"replies":[{"embeddable":true,"href":"https:\/\/www.administracion.usmp.edu.pe\/ice\/wp-json\/wp\/v2\/comments?post=144"}],"version-history":[{"count":8,"href":"https:\/\/www.administracion.usmp.edu.pe\/ice\/wp-json\/wp\/v2\/pages\/144\/revisions"}],"predecessor-version":[{"id":211,"href":"https:\/\/www.administracion.usmp.edu.pe\/ice\/wp-json\/wp\/v2\/pages\/144\/revisions\/211"}],"wp:attachment":[{"href":"https:\/\/www.administracion.usmp.edu.pe\/ice\/wp-json\/wp\/v2\/media?parent=144"}],"curies":[{"name":"wp","href":"https:\/\/api.w.org\/{rel}","templated":true}]}}