{"id":102,"date":"2014-04-09T16:55:36","date_gmt":"2014-04-09T21:55:36","guid":{"rendered":"https:\/\/www.administracion.usmp.edu.pe\/ice\/?page_id=102"},"modified":"2017-09-15T12:24:14","modified_gmt":"2017-09-15T17:24:14","slug":"responsabilidad-social-empresarial","status":"publish","type":"page","link":"https:\/\/www.administracion.usmp.edu.pe\/ice\/actividades-nivel-interno\/responsabilidad-social-empresarial\/","title":{"rendered":"Responsabilidad Social Empresarial"},"content":{"rendered":"<div id=\"pl-102\"  class=\"panel-layout\" ><div id=\"pg-102-0\"  class=\"panel-grid panel-no-style\" ><div id=\"pgc-102-0-0\"  class=\"panel-grid-cell\" ><div id=\"panel-102-0-0-0\" class=\"so-panel widget widget_sow-editor panel-first-child panel-last-child\" data-index=\"0\" ><div\n\t\t\t\n\t\t\tclass=\"so-widget-sow-editor so-widget-sow-editor-base\"\n\t\t\t\n\t\t>\n<div class=\"siteorigin-widget-tinymce textwidget\">\n\t<p>En el entendimiento de la necesidad de preservar el equilibrio hombre-naturaleza, y el saber que la industria y el empresario son responsables no solamente de ser un agente generador sino gestor de una sociedad m\u00e1s justa, se cimientan los principios fundamentales que hacen a la RSE.<\/p>\n<p>\u00a0<\/p>\n<p>A partir de esta comprensi\u00f3n m\u00e1s amplia del rol del empresario como tal, se entiende a la RSE como una herramienta de gesti\u00f3n empresarial, como una nueva visi\u00f3n de hacer negocios que a\u00f1ade a la preocupaci\u00f3n habitual del desempe\u00f1o econ\u00f3mico, la preocupaci\u00f3n en el impacto sobre los integrantes de toda la cadena productiva (stakeholders).<\/p>\n<p>\u00a0<\/p>\n<p>La RSE se convierte a partir de este momento en una actitud estrat\u00e9gica, en la que las empresas deben aprender a escuchar, comprender y satisfacer las expectativas de todos los \u201cstakeholders\u201d<\/p>\n<p>\u00a0<\/p>\n<p>En la medida en que las empresas desarrollan pr\u00e1cticas responsables refuerzan su imagen externa e institucional, alcanzando mayores niveles de credibilidad, lealtad y reconocimiento entre sus clientes, trabajadores, proveedores, accionistas, autoridades y comunidad en general.<\/p>\n<p>\u00a0<\/p>\n<p>Evidentemente, esto repercute positivamente en su marca, servicios y productos, creando un valor a\u00f1adido para sus clientes e incrementando la habilidad de la empresa para competir en el mercado.<\/p>\n<p>\u00a0<\/p>\n<p>Diversas empresas comprometidas con la responsabilidad social empresarial han experimentado beneficios tanto cuantitativos como cualitativos en su operaci\u00f3n general. Es as\u00ed como a trav\u00e9s de los a\u00f1os se ha comprobado que una pol\u00edtica de responsabilidad social empresarial alineada con las metas estrat\u00e9gicas y la cultura interna de la empresa tiene como resultado el mejoramiento de su desempe\u00f1o financiero, la reducci\u00f3n de costos operativos y \/o el mejoramiento en la imagen de su marca y reputaci\u00f3n.<\/p>\n<p>\u00a0<\/p>\n<p>\u00a0<\/p>\n<h2><span style=\"color: #990033;\">Enfoque de Responsabilidad Social de la USMP<\/span><\/h2>\n<p> <img loading=\"lazy\" decoding=\"async\" class=\"alignright size-full wp-image-926\" src=\"https:\/\/www.administracion.usmp.edu.pe\/ice\/wp-content\/uploads\/sites\/16\/2014\/04\/stakeholders-usmp-1.png\" alt=\"stakeholders-usmp-1\" width=\"380\" height=\"360\" \/>La\u00a0 Universidad de San Martin de Porres, asume la responsabilidad social como el compromiso de promover el desarrollo sostenible de la sociedad, cuidando el ambiente y propiciando la construcci\u00f3n de una sociedad moderna, justa y equitativa, desde los ejes estrat\u00e9gicos de gesti\u00f3n, formaci\u00f3n, investigaci\u00f3n y extensi\u00f3n; el cual se enfoca en cumplir con las necesidades y expectativas de nuestros Stakeholders.<\/p>\n<p> La responsabilidad social nos lleva a direccionar nuestra gesti\u00f3n teniendo en cuenta nuestros impactos sociales y ambientales, esta incorpora:<\/p>\n<ul>\n<li>Programas de adaptaci\u00f3n y protecci\u00f3n ambiental<\/li>\n<li>Campa\u00f1as de Marketing responsable.<\/li>\n<li>Mejora de las condiciones y calidad de trabajo que se brinda al personal<\/li>\n<li>Manejo de residuos<\/li>\n<\/ul>\n<p>\u00a0<\/p>\n<p>En tanto, la proyecci\u00f3n social \/extensi\u00f3n universitaria, lo asumimos como el enfoque de nuestras acciones (servicios o actividades) para logar una mejor calidad de vida en los actores de nuestra comunidad universitaria, esta incorpora:<\/p>\n<ul>\n<li>Programas de Universidad Interna dirigido a todo el personal de manera gratuita que busca fortalecer capacidades en temas que tengan un impacto sobre el desempe\u00f1o y desarrollo personal y\/o profesional.<\/li>\n<li>Financiamiento a programas de desarrollo y crecimiento profesional que abracan desde un diplomado de especializaci\u00f3n hasta programas de posgrado.<\/li>\n<li>Programas de becas<\/li>\n<li>Campa\u00f1as integrales de salud<\/li>\n<li>Sensibilizaci\u00f3n y conciencia ambiental<\/li>\n<\/ul>\n<h2><span style=\"color: #990033;\">Mapa estrat\u00e9gico de Responsabilidad Social en la USMP<\/span><\/h2>\n<p><a href=\"https:\/\/www.administracion.usmp.edu.pe\/ice\/wp-content\/uploads\/sites\/16\/2017\/09\/mapa-estrategico-usmp.png\"><img loading=\"lazy\" decoding=\"async\" class=\"aligncenter wp-image-919 size-large\" src=\"https:\/\/www.administracion.usmp.edu.pe\/ice\/wp-content\/uploads\/sites\/16\/2017\/09\/mapa-estrategico-usmp-1024x624.png\" alt=\"mapa-estrategico-usmp\" width=\"1024\" height=\"624\" srcset=\"https:\/\/www.administracion.usmp.edu.pe\/ice\/wp-content\/uploads\/sites\/16\/2017\/09\/mapa-estrategico-usmp-1024x624.png 1024w, https:\/\/www.administracion.usmp.edu.pe\/ice\/wp-content\/uploads\/sites\/16\/2017\/09\/mapa-estrategico-usmp-768x468.png 768w, https:\/\/www.administracion.usmp.edu.pe\/ice\/wp-content\/uploads\/sites\/16\/2017\/09\/mapa-estrategico-usmp.png 1461w\" sizes=\"auto, (max-width: 1024px) 100vw, 1024px\" \/><\/a><\/p>\n<\/div>\n<\/div><\/div><\/div><\/div><div id=\"pg-102-1\"  class=\"panel-grid panel-no-style\" ><div id=\"pgc-102-1-0\"  class=\"panel-grid-cell\" ><div id=\"panel-102-1-0-0\" class=\"so-panel widget widget_sow-editor panel-first-child panel-last-child\" data-index=\"1\" ><div\n\t\t\t\n\t\t\tclass=\"so-widget-sow-editor so-widget-sow-editor-base\"\n\t\t\t\n\t\t>\n<div class=\"siteorigin-widget-tinymce textwidget\">\n\t<h2><span style=\"color: #990033;\">Marco de Referencia:<\/span><\/h2>\n<\/div>\n<\/div><\/div><\/div><\/div><div id=\"pg-102-2\"  class=\"panel-grid panel-no-style\" ><div id=\"pgc-102-2-0\"  class=\"panel-grid-cell\" ><div id=\"panel-102-2-0-0\" class=\"so-panel widget widget_sow-editor panel-first-child panel-last-child\" data-index=\"2\" ><div\n\t\t\t\n\t\t\tclass=\"so-widget-sow-editor so-widget-sow-editor-base\"\n\t\t\t\n\t\t>\n<div class=\"siteorigin-widget-tinymce textwidget\">\n\t<p style=\"text-align: center;\"><span style=\"font-size: 12pt;\"><strong>Principios de una Educaci\u00f3n Responsable en Gesti\u00f3n<\/strong><\/span><\/p>\n<p><img loading=\"lazy\" decoding=\"async\" class=\"aligncenter size-full wp-image-928\" src=\"https:\/\/www.administracion.usmp.edu.pe\/ice\/wp-content\/uploads\/sites\/16\/2014\/04\/marco-referencia-prme.png\" alt=\"marco-referencia-prme\" width=\"301\" height=\"189\" \/><\/p>\n<p style=\"text-align: center;\">\u00a0<\/p>\n<p style=\"text-align: center;\">Convenio de m\u00e1s de 500 universidades de 80 pa\u00edses, para promover una educaci\u00f3n responsable en gesti\u00f3n, como iniciativa de las NNUU, desde 2010.<\/p>\n<\/div>\n<\/div><\/div><\/div><div id=\"pgc-102-2-1\"  class=\"panel-grid-cell\" ><div id=\"panel-102-2-1-0\" class=\"so-panel widget widget_sow-editor panel-first-child panel-last-child\" data-index=\"3\" ><div\n\t\t\t\n\t\t\tclass=\"so-widget-sow-editor so-widget-sow-editor-base\"\n\t\t\t\n\t\t>\n<div class=\"siteorigin-widget-tinymce textwidget\">\n\t<p style=\"text-align: center;\"><strong><span style=\"font-size: 12pt;\">Red Ambiental Interuniversitaria<\/span><\/strong><\/p>\n<p><img loading=\"lazy\" decoding=\"async\" class=\"aligncenter size-full wp-image-922\" src=\"https:\/\/www.administracion.usmp.edu.pe\/ice\/wp-content\/uploads\/sites\/16\/2017\/09\/red-ambiental-interuniversitaria.png\" alt=\"red-ambiental-interuniversitaria\" width=\"301\" height=\"189\" \/><\/p>\n<p style=\"text-align: center;\">\u00a0<\/p>\n<p style=\"text-align: center;\">Comunidad de universidades, articuladas por el MINAM, a trav\u00e9s de la Direcci\u00f3n General de Educaci\u00f3n, Cultura y Ciudadan\u00eda Ambiental desde el 2011.<\/p>\n<\/div>\n<\/div><\/div><\/div><div id=\"pgc-102-2-2\"  class=\"panel-grid-cell\" ><div id=\"panel-102-2-2-0\" class=\"so-panel widget widget_sow-editor panel-first-child panel-last-child\" data-index=\"4\" ><div\n\t\t\t\n\t\t\tclass=\"so-widget-sow-editor so-widget-sow-editor-base\"\n\t\t\t\n\t\t>\n<div class=\"siteorigin-widget-tinymce textwidget\">\n\t<p style=\"text-align: center;\"><strong><span style=\"font-size: 12pt;\">Objetivos de Desarrollo Sostenible<\/span><\/strong><\/p>\n<p><img loading=\"lazy\" decoding=\"async\" class=\"aligncenter size-full wp-image-929\" src=\"https:\/\/www.administracion.usmp.edu.pe\/ice\/wp-content\/uploads\/sites\/16\/2014\/04\/marco-referencia-objetivos-desarrollo-sostenible.png\" alt=\"marco-referencia-objetivos-desarrollo-sostenible\" width=\"301\" height=\"189\" \/><\/p>\n<p style=\"text-align: center;\">\u00a0<\/p>\n<p style=\"text-align: center;\">Conjunto de objetivos globales para erradicar la pobreza, proteger el planeta y asegurar la prosperidad para todos como parte de una agenda de desarrollo sostenible al 2030.<\/p>\n<\/div>\n<\/div><\/div><\/div><\/div><div id=\"pg-102-3\"  class=\"panel-grid panel-no-style\" ><div id=\"pgc-102-3-0\"  class=\"panel-grid-cell\" ><div id=\"panel-102-3-0-0\" class=\"so-panel widget widget_sow-editor panel-first-child panel-last-child\" data-index=\"5\" ><div\n\t\t\t\n\t\t\tclass=\"so-widget-sow-editor so-widget-sow-editor-base\"\n\t\t\t\n\t\t>\n<div class=\"siteorigin-widget-tinymce textwidget\">\n\t<h2><span style=\"color: #990033;\">Exigencias Normativas del Sector Universitario<\/span><\/h2>\n<\/div>\n<\/div><\/div><\/div><\/div><div id=\"pg-102-4\"  class=\"panel-grid panel-no-style\" ><div id=\"pgc-102-4-0\"  class=\"panel-grid-cell\" ><div id=\"panel-102-4-0-0\" class=\"so-panel widget widget_sow-editor panel-first-child panel-last-child\" data-index=\"6\" ><div\n\t\t\t\n\t\t\tclass=\"so-widget-sow-editor so-widget-sow-editor-base\"\n\t\t\t\n\t\t>\n<div class=\"siteorigin-widget-tinymce textwidget\">\n\t<h3 style=\"text-align: center;\">LEY UNIVERSITARIA N\u00b0 30220<\/h3>\n<p><img loading=\"lazy\" decoding=\"async\" class=\"aligncenter size-full wp-image-934\" src=\"https:\/\/www.administracion.usmp.edu.pe\/ice\/wp-content\/uploads\/sites\/16\/2014\/04\/sunedu.png\" alt=\"sunedu\" width=\"301\" height=\"189\" \/><\/p>\n<p style=\"text-align: center;\">\u00a0<\/p>\n<p style=\"text-align: center;\">Cap. XII, Art. 125, en las que se se\u00f1ala que cada universidad promueve la implementaci\u00f3n de la RS con un m\u00ednimo de inversi\u00f3n de 2% de su presupuesto.<\/p>\n<\/div>\n<\/div><\/div><\/div><div id=\"pgc-102-4-1\"  class=\"panel-grid-cell\" ><div id=\"panel-102-4-1-0\" class=\"so-panel widget widget_sow-editor panel-first-child panel-last-child\" data-index=\"7\" ><div\n\t\t\t\n\t\t\tclass=\"so-widget-sow-editor so-widget-sow-editor-base\"\n\t\t\t\n\t\t>\n<div class=\"siteorigin-widget-tinymce textwidget\">\n\t<h3 style=\"text-align: center;\">CONDICIONES B\u00c1SICAS DE CALIDAD<\/h3>\n<p><img loading=\"lazy\" decoding=\"async\" class=\"aligncenter size-full wp-image-935\" src=\"https:\/\/www.administracion.usmp.edu.pe\/ice\/wp-content\/uploads\/sites\/16\/2014\/04\/condiciones-basicas.png\" alt=\"condiciones-basicas\" width=\"301\" height=\"189\" \/><\/p>\n<p style=\"text-align: center;\">\u00a0<\/p>\n<p style=\"text-align: center;\">VI. Adecuaci\u00f3n al entorno y protecci\u00f3n al ambiente, en el indicador 49 establece que la universidad cuenta con pol\u00edticas, planes y acciones para la protecci\u00f3n al ambiente.<\/p>\n<\/div>\n<\/div><\/div><\/div><div id=\"pgc-102-4-2\"  class=\"panel-grid-cell\" ><div id=\"panel-102-4-2-0\" class=\"so-panel widget widget_sow-editor panel-first-child panel-last-child\" data-index=\"8\" ><div\n\t\t\t\n\t\t\tclass=\"so-widget-sow-editor so-widget-sow-editor-base\"\n\t\t\t\n\t\t>\n<div class=\"siteorigin-widget-tinymce textwidget\">\n\t<h3 style=\"text-align: center;\">ACREDITACI\u00d3N NACIONAL<\/h3>\n<p><img loading=\"lazy\" decoding=\"async\" class=\"aligncenter size-full wp-image-936\" src=\"https:\/\/www.administracion.usmp.edu.pe\/ice\/wp-content\/uploads\/sites\/16\/2014\/04\/sineace.png\" alt=\"sineace\" width=\"301\" height=\"189\" \/><\/p>\n<p style=\"text-align: center;\">\u00a0<\/p>\n<p style=\"text-align: center;\">Std. 26 Implementaci\u00f3n de pol\u00edticas ambientales: el programa de estudios implementa pol\u00edticas ambientales y monitorea el cumplimiento de medidas de prevenci\u00f3n dispuesta por \u00f3rganos competentes (Minam, SUNEDU u otros)<\/p>\n<\/div>\n<\/div><\/div><\/div><\/div><\/div>","protected":false},"excerpt":{"rendered":"<p>En el entendimiento de la necesidad de preservar el equilibrio hombre-naturaleza, y el saber que la industria y el empresario [&hellip;]<\/p>\n","protected":false},"author":2,"featured_media":0,"parent":45,"menu_order":6,"comment_status":"open","ping_status":"open","template":"page-menu_izquierda-hijo.php","meta":{"_acf_changed":false,"footnotes":""},"class_list":["post-102","page","type-page","status-publish","hentry"],"acf":[],"_links":{"self":[{"href":"https:\/\/www.administracion.usmp.edu.pe\/ice\/wp-json\/wp\/v2\/pages\/102","targetHints":{"allow":["GET"]}}],"collection":[{"href":"https:\/\/www.administracion.usmp.edu.pe\/ice\/wp-json\/wp\/v2\/pages"}],"about":[{"href":"https:\/\/www.administracion.usmp.edu.pe\/ice\/wp-json\/wp\/v2\/types\/page"}],"author":[{"embeddable":true,"href":"https:\/\/www.administracion.usmp.edu.pe\/ice\/wp-json\/wp\/v2\/users\/2"}],"replies":[{"embeddable":true,"href":"https:\/\/www.administracion.usmp.edu.pe\/ice\/wp-json\/wp\/v2\/comments?post=102"}],"version-history":[{"count":5,"href":"https:\/\/www.administracion.usmp.edu.pe\/ice\/wp-json\/wp\/v2\/pages\/102\/revisions"}],"predecessor-version":[{"id":939,"href":"https:\/\/www.administracion.usmp.edu.pe\/ice\/wp-json\/wp\/v2\/pages\/102\/revisions\/939"}],"up":[{"embeddable":true,"href":"https:\/\/www.administracion.usmp.edu.pe\/ice\/wp-json\/wp\/v2\/pages\/45"}],"wp:attachment":[{"href":"https:\/\/www.administracion.usmp.edu.pe\/ice\/wp-json\/wp\/v2\/media?parent=102"}],"curies":[{"name":"wp","href":"https:\/\/api.w.org\/{rel}","templated":true}]}}