{"id":34,"date":"2014-05-02T21:15:02","date_gmt":"2014-05-02T21:15:02","guid":{"rendered":"https:\/\/www.administracion.usmp.edu.pe\/administracion1\/?page_id=34"},"modified":"2014-05-02T21:15:02","modified_gmt":"2014-05-02T21:15:02","slug":"proyeccion-social","status":"publish","type":"page","link":"https:\/\/www.administracion.usmp.edu.pe\/administracion\/proyeccion-social\/","title":{"rendered":"Proyecci\u00f3n Social"},"content":{"rendered":"<p>Conjunto de acciones en el \u00e1mbito de inter\u00e9s social que realizan a nivel nacional los miembros de la comunidad universitaria. Tiene un car\u00e1cter solitario y de responsabilidad social desarrollando actividades productivas de bienes y servicios sin fines de lucro.<br \/>\nProgramas Ejecutados:<\/p>\n<ul>\n<li>Distrito Caraz, (Ancash). Trabajo sobre oportunidades de inversi\u00f3n. 50 familias beneficiadas.<\/li>\n<li>Distritos Ancohuallo, Uripa y Ranracancha (Apurimac). Oportunidades de Inversi\u00f3n. 80 familias beneficiadas.<\/li>\n<li>Ayuda a los pueblos de Paracas y Ca\u00f1ete por el terremoto de 2007 con ropa, v\u00edveres alimentaci\u00f3n, medicinas por parte de la comunidad universitaria. 500 familias beneficiadas.<\/li>\n<li>Municipalidad de Santa Anita: apoyo a la poblaci\u00f3n m\u00e1s necesitada. 50 familias beneficiadas.<\/li>\n<li>Orientaci\u00f3n a los estudiantes de 4\u00b0 y 5\u00b0 a\u00f1o de secundaria en la formaci\u00f3n de microempresas.<\/li>\n<\/ul>\n","protected":false},"excerpt":{"rendered":"<p>Conjunto de acciones en el \u00e1mbito de inter\u00e9s social que realizan a nivel nacional los miembros de la comunidad universitaria. [&hellip;]<\/p>\n","protected":false},"author":2,"featured_media":0,"parent":0,"menu_order":0,"comment_status":"open","ping_status":"open","template":"","meta":{"footnotes":""},"class_list":["post-34","page","type-page","status-publish","hentry"],"_links":{"self":[{"href":"https:\/\/www.administracion.usmp.edu.pe\/administracion\/wp-json\/wp\/v2\/pages\/34","targetHints":{"allow":["GET"]}}],"collection":[{"href":"https:\/\/www.administracion.usmp.edu.pe\/administracion\/wp-json\/wp\/v2\/pages"}],"about":[{"href":"https:\/\/www.administracion.usmp.edu.pe\/administracion\/wp-json\/wp\/v2\/types\/page"}],"author":[{"embeddable":true,"href":"https:\/\/www.administracion.usmp.edu.pe\/administracion\/wp-json\/wp\/v2\/users\/2"}],"replies":[{"embeddable":true,"href":"https:\/\/www.administracion.usmp.edu.pe\/administracion\/wp-json\/wp\/v2\/comments?post=34"}],"version-history":[{"count":1,"href":"https:\/\/www.administracion.usmp.edu.pe\/administracion\/wp-json\/wp\/v2\/pages\/34\/revisions"}],"predecessor-version":[{"id":35,"href":"https:\/\/www.administracion.usmp.edu.pe\/administracion\/wp-json\/wp\/v2\/pages\/34\/revisions\/35"}],"wp:attachment":[{"href":"https:\/\/www.administracion.usmp.edu.pe\/administracion\/wp-json\/wp\/v2\/media?parent=34"}],"curies":[{"name":"wp","href":"https:\/\/api.w.org\/{rel}","templated":true}]}}